{"version":"1.0","provider_name":"Motocross - Enduro - Supermoto | MotocrossMag","provider_url":"https:\/\/fr.motocrossmag.be","title":"Galerie photos | MX international de Valence - Motocross - Enduro - Supermoto | MotocrossMag","type":"rich","width":600,"height":338,"html":"<blockquote class=\"wp-embedded-content\" data-secret=\"2s48EXCOsx\"><a href=\"https:\/\/fr.motocrossmag.be\/index.php\/2010\/02\/galerie-photos-mx-international-de-valence\/\">Galerie photos | MX international de Valence<\/a><\/blockquote><iframe sandbox=\"allow-scripts\" security=\"restricted\" src=\"https:\/\/fr.motocrossmag.be\/index.php\/2010\/02\/galerie-photos-mx-international-de-valence\/embed\/#?secret=2s48EXCOsx\" width=\"600\" height=\"338\" title=\"\u00ab\u00a0Galerie photos | MX international de Valence\u00a0\u00bb &#8212; Motocross - Enduro - Supermoto | MotocrossMag\" data-secret=\"2s48EXCOsx\" frameborder=\"0\" marginwidth=\"0\" marginheight=\"0\" scrolling=\"no\" class=\"wp-embedded-content\"><\/iframe><script>\n\/*! This file is auto-generated *\/\n!function(d,l){\"use strict\";l.querySelector&&d.addEventListener&&\"undefined\"!=typeof URL&&(d.wp=d.wp||{},d.wp.receiveEmbedMessage||(d.wp.receiveEmbedMessage=function(e){var t=e.data;if((t||t.secret||t.message||t.value)&&!\/[^a-zA-Z0-9]\/.test(t.secret)){for(var s,r,n,a=l.querySelectorAll('iframe[data-secret=\"'+t.secret+'\"]'),o=l.querySelectorAll('blockquote[data-secret=\"'+t.secret+'\"]'),c=new RegExp(\"^https?:$\",\"i\"),i=0;i<o.length;i++)o[i].style.display=\"none\";for(i=0;i<a.length;i++)s=a[i],e.source===s.contentWindow&&(s.removeAttribute(\"style\"),\"height\"===t.message?(1e3<(r=parseInt(t.value,10))?r=1e3:~~r<200&&(r=200),s.height=r):\"link\"===t.message&&(r=new URL(s.getAttribute(\"src\")),n=new URL(t.value),c.test(n.protocol))&&n.host===r.host&&l.activeElement===s&&(d.top.location.href=t.value))}},d.addEventListener(\"message\",d.wp.receiveEmbedMessage,!1),l.addEventListener(\"DOMContentLoaded\",function(){for(var e,t,s=l.querySelectorAll(\"iframe.wp-embedded-content\"),r=0;r<s.length;r++)(t=(e=s[r]).getAttribute(\"data-secret\"))||(t=Math.random().toString(36).substring(2,12),e.src+=\"#?secret=\"+t,e.setAttribute(\"data-secret\",t)),e.contentWindow.postMessage({message:\"ready\",secret:t},\"*\")},!1)))}(window,document);\n\/\/# sourceURL=https:\/\/fr.motocrossmag.be\/wp-includes\/js\/wp-embed.min.js\n<\/script>\n","description":"Le motocross international de Valence a tenu toutes ses promesses ce week-end en offrant aux milliers de fans venus voir pour la premi\u00e8re fois leurs h\u00e9ros habill\u00e9s sous leurs nouvelles couleurs des courses dignes de manches de GP. Si Roczen et Cairoli se sont impos\u00e9s, des pilotes comme Ramon, Desalle, Musquin, Barragan, Pourcel ou encore [&hellip;]","thumbnail_url":"http:\/\/fr.motocrossmag.be\/wp-content\/uploads\/2010\/02\/_ds_3886-150x150.jpg"}

Le motocross international de Valence a tenu toutes ses promesses ce week-end en offrant aux milliers de fans venus voir pour la première fois leurs héros habillés sous leurs nouvelles couleurs des courses dignes de manches de GP. Si Roczen et Cairoli se sont imposés, des pilotes comme Ramon, Desalle, Musquin, Barragan, Pourcel ou encore [&hellip;]
