{"version":"1.0","provider_name":"Motocross - Enduro - Supermoto | MotocrossMag","provider_url":"https:\/\/fr.motocrossmag.be","title":"Galerie photos | Photos: MXGP \u00e0\u00a0 Saint-Jean d'Ang\u00e9ly - Motocross - Enduro - Supermoto | MotocrossMag","type":"rich","width":600,"height":338,"html":"<blockquote class=\"wp-embedded-content\" data-secret=\"0xPVLAqILf\"><a href=\"https:\/\/fr.motocrossmag.be\/index.php\/2011\/06\/galerie-photos-photos-mxgp-a-saint-jean-dangely\/\">Galerie photos | Photos: MXGP \u00e0\u00a0 Saint-Jean d&rsquo;Ang\u00e9ly<\/a><\/blockquote><iframe sandbox=\"allow-scripts\" security=\"restricted\" src=\"https:\/\/fr.motocrossmag.be\/index.php\/2011\/06\/galerie-photos-photos-mxgp-a-saint-jean-dangely\/embed\/#?secret=0xPVLAqILf\" width=\"600\" height=\"338\" title=\"\u00ab\u00a0Galerie photos | Photos: MXGP \u00e0\u00a0 Saint-Jean d&rsquo;Ang\u00e9ly\u00a0\u00bb &#8212; Motocross - Enduro - Supermoto | MotocrossMag\" data-secret=\"0xPVLAqILf\" frameborder=\"0\" marginwidth=\"0\" marginheight=\"0\" scrolling=\"no\" class=\"wp-embedded-content\"><\/iframe><script>\n\/*! This file is auto-generated *\/\n!function(d,l){\"use strict\";l.querySelector&&d.addEventListener&&\"undefined\"!=typeof URL&&(d.wp=d.wp||{},d.wp.receiveEmbedMessage||(d.wp.receiveEmbedMessage=function(e){var t=e.data;if((t||t.secret||t.message||t.value)&&!\/[^a-zA-Z0-9]\/.test(t.secret)){for(var s,r,n,a=l.querySelectorAll('iframe[data-secret=\"'+t.secret+'\"]'),o=l.querySelectorAll('blockquote[data-secret=\"'+t.secret+'\"]'),c=new RegExp(\"^https?:$\",\"i\"),i=0;i<o.length;i++)o[i].style.display=\"none\";for(i=0;i<a.length;i++)s=a[i],e.source===s.contentWindow&&(s.removeAttribute(\"style\"),\"height\"===t.message?(1e3<(r=parseInt(t.value,10))?r=1e3:~~r<200&&(r=200),s.height=r):\"link\"===t.message&&(r=new URL(s.getAttribute(\"src\")),n=new URL(t.value),c.test(n.protocol))&&n.host===r.host&&l.activeElement===s&&(d.top.location.href=t.value))}},d.addEventListener(\"message\",d.wp.receiveEmbedMessage,!1),l.addEventListener(\"DOMContentLoaded\",function(){for(var e,t,s=l.querySelectorAll(\"iframe.wp-embedded-content\"),r=0;r<s.length;r++)(t=(e=s[r]).getAttribute(\"data-secret\"))||(t=Math.random().toString(36).substring(2,12),e.src+=\"#?secret=\"+t,e.setAttribute(\"data-secret\",t)),e.contentWindow.postMessage({message:\"ready\",secret:t},\"*\")},!1)))}(window,document);\n\/\/# sourceURL=https:\/\/fr.motocrossmag.be\/wp-includes\/js\/wp-embed.min.js\n<\/script>\n","description":"Un GP de France est toujours riche en \u00e9motions et en images. L&rsquo;\u00e9dition 2011 disput\u00e9e ce week-end sur le circuit de Saint-Jean d&rsquo;Ang\u00e9ly n&rsquo;a pas failli \u00e0\u00a0 la r\u00e8gle. Gautier Paulin, 3\u00e8me en MX2, et Steven Frossard, superbe vainqueur dans la cat\u00e9gorie reine ont veill\u00e9 pour leur part \u00e0\u00a0 enflammer un public tricolore comme toujours [&hellip;]","thumbnail_url":"http:\/\/fr.motocrossmag.be\/wp-content\/uploads\/2011\/06\/1-150x150.jpg"}

Galerie photos | Photos: MXGP à  Saint-Jean d'Angély - Motocross - Enduro - Supermoto | MotocrossMag

<blockquote class="wp-embedded-content" data-secret="0xPVLAqILf"><a href="https://fr.motocrossmag.be/index.php/2011/06/galerie-photos-photos-mxgp-a-saint-jean-dangely/">Galerie photos | Photos: MXGP à  Saint-Jean d&rsquo;Angély</a></blockquote><iframe sandbox="allow-scripts" security="restricted" src="https://fr.motocrossmag.be/index.php/2011/06/galerie-photos-photos-mxgp-a-saint-jean-dangely/embed/#?secret=0xPVLAqILf" width="600" height="338" title="« Galerie photos | Photos: MXGP à  Saint-Jean d&rsquo;Angély » &#8212; Motocross - Enduro - Supermoto | MotocrossMag" data-secret="0xPVLAqILf" frameborder="0" marginwidth="0" marginheight="0" scrolling="no" class="wp-embedded-content"></iframe><script>
/*! This file is auto-generated */
!function(d,l){"use strict";l.querySelector&&d.addEventListener&&"undefined"!=typeof URL&&(d.wp=d.wp||{},d.wp.receiveEmbedMessage||(d.wp.receiveEmbedMessage=function(e){var t=e.data;if((t||t.secret||t.message||t.value)&&!/[^a-zA-Z0-9]/.test(t.secret)){for(var s,r,n,a=l.querySelectorAll('iframe[data-secret="'+t.secret+'"]'),o=l.querySelectorAll('blockquote[data-secret="'+t.secret+'"]'),c=new RegExp("^https?:$","i"),i=0;i<o.length;i++)o[i].style.display="none";for(i=0;i<a.length;i++)s=a[i],e.source===s.contentWindow&&(s.removeAttribute("style"),"height"===t.message?(1e3<(r=parseInt(t.value,10))?r=1e3:~~r<200&&(r=200),s.height=r):"link"===t.message&&(r=new URL(s.getAttribute("src")),n=new URL(t.value),c.test(n.protocol))&&n.host===r.host&&l.activeElement===s&&(d.top.location.href=t.value))}},d.addEventListener("message",d.wp.receiveEmbedMessage,!1),l.addEventListener("DOMContentLoaded",function(){for(var e,t,s=l.querySelectorAll("iframe.wp-embedded-content"),r=0;r<s.length;r++)(t=(e=s[r]).getAttribute("data-secret"))||(t=Math.random().toString(36).substring(2,12),e.src+="#?secret="+t,e.setAttribute("data-secret",t)),e.contentWindow.postMessage({message:"ready",secret:t},"*")},!1)))}(window,document);
//# sourceURL=https://fr.motocrossmag.be/wp-includes/js/wp-embed.min.js
</script>

Un GP de France est toujours riche en émotions et en images. L&rsquo;édition 2011 disputée ce week-end sur le circuit de Saint-Jean d&rsquo;Angély n&rsquo;a pas failli à  la règle. Gautier Paulin, 3ème en MX2, et Steven Frossard, superbe vainqueur dans la catégorie reine ont veillé pour leur part à  enflammer un public tricolore comme toujours [&hellip;]
