{"version":"1.0","provider_name":"Motocross - Enduro - Supermoto | MotocrossMag","provider_url":"https:\/\/fr.motocrossmag.be","title":"Galerie photos | Valence en 80 images - Motocross - Enduro - Supermoto | MotocrossMag","type":"rich","width":600,"height":338,"html":"<blockquote class=\"wp-embedded-content\" data-secret=\"9S1P49kbaV\"><a href=\"https:\/\/fr.motocrossmag.be\/index.php\/2013\/02\/galerie-photos-valence-en-80-images\/\">Galerie photos | Valence en 80 images<\/a><\/blockquote><iframe sandbox=\"allow-scripts\" security=\"restricted\" src=\"https:\/\/fr.motocrossmag.be\/index.php\/2013\/02\/galerie-photos-valence-en-80-images\/embed\/#?secret=9S1P49kbaV\" width=\"600\" height=\"338\" title=\"\u00ab\u00a0Galerie photos | Valence en 80 images\u00a0\u00bb &#8212; Motocross - Enduro - Supermoto | MotocrossMag\" data-secret=\"9S1P49kbaV\" frameborder=\"0\" marginwidth=\"0\" marginheight=\"0\" scrolling=\"no\" class=\"wp-embedded-content\"><\/iframe><script>\n\/*! This file is auto-generated *\/\n!function(d,l){\"use strict\";l.querySelector&&d.addEventListener&&\"undefined\"!=typeof URL&&(d.wp=d.wp||{},d.wp.receiveEmbedMessage||(d.wp.receiveEmbedMessage=function(e){var t=e.data;if((t||t.secret||t.message||t.value)&&!\/[^a-zA-Z0-9]\/.test(t.secret)){for(var s,r,n,a=l.querySelectorAll('iframe[data-secret=\"'+t.secret+'\"]'),o=l.querySelectorAll('blockquote[data-secret=\"'+t.secret+'\"]'),c=new RegExp(\"^https?:$\",\"i\"),i=0;i<o.length;i++)o[i].style.display=\"none\";for(i=0;i<a.length;i++)s=a[i],e.source===s.contentWindow&&(s.removeAttribute(\"style\"),\"height\"===t.message?(1e3<(r=parseInt(t.value,10))?r=1e3:~~r<200&&(r=200),s.height=r):\"link\"===t.message&&(r=new URL(s.getAttribute(\"src\")),n=new URL(t.value),c.test(n.protocol))&&n.host===r.host&&l.activeElement===s&&(d.top.location.href=t.value))}},d.addEventListener(\"message\",d.wp.receiveEmbedMessage,!1),l.addEventListener(\"DOMContentLoaded\",function(){for(var e,t,s=l.querySelectorAll(\"iframe.wp-embedded-content\"),r=0;r<s.length;r++)(t=(e=s[r]).getAttribute(\"data-secret\"))||(t=Math.random().toString(36).substring(2,12),e.src+=\"#?secret=\"+t,e.setAttribute(\"data-secret\",t)),e.contentWindow.postMessage({message:\"ready\",secret:t},\"*\")},!1)))}(window,document);\n\/\/# sourceURL=https:\/\/fr.motocrossmag.be\/wp-includes\/js\/wp-embed.min.js\n<\/script>\n","description":"M\u00eame si certains teams avaient pr\u00e9f\u00e9r\u00e9 la finale du championnat d&rsquo;italie \u00e0\u00a0 la traditionnelle course d&rsquo;avant-saison de Valence, la classique fran\u00e7aise a une fois de plus propos\u00e9 un plateau de premier choix \u00e0\u00a0 son public. M\u00eame le soleil \u00e9tait de la partie.\u00a0De quoi offrir \u00e0\u00a0 notre photographe \u00ab\u00a0maison\u00a0\u00bb Christophe Desmet un terrain de jeu \u00e0\u00a0 [&hellip;]","thumbnail_url":"http:\/\/nl.motocrossmag.be\/wp-content\/gallery\/valencemx13ok\/thumbs\/thumbs_110_G38F8038.jpg"}

Même si certains teams avaient préféré la finale du championnat d&rsquo;italie à  la traditionnelle course d&rsquo;avant-saison de Valence, la classique française a une fois de plus proposé un plateau de premier choix à  son public. Même le soleil était de la partie. De quoi offrir à  notre photographe « maison » Christophe Desmet un terrain de jeu à  [&hellip;]
