{"version":"1.0","provider_name":"Motocross - Enduro - Supermoto | MotocrossMag","provider_url":"https:\/\/fr.motocrossmag.be","title":"Galerie photos | Photos: Everts & Friends 2013 - Motocross - Enduro - Supermoto | MotocrossMag","type":"rich","width":600,"height":338,"html":"<blockquote class=\"wp-embedded-content\" data-secret=\"X9BYz6xyLK\"><a href=\"https:\/\/fr.motocrossmag.be\/index.php\/2013\/07\/galerie-photos-photos-everts-friends-2013\/\">Galerie photos | Photos: Everts &#038; Friends 2013<\/a><\/blockquote><iframe sandbox=\"allow-scripts\" security=\"restricted\" src=\"https:\/\/fr.motocrossmag.be\/index.php\/2013\/07\/galerie-photos-photos-everts-friends-2013\/embed\/#?secret=X9BYz6xyLK\" width=\"600\" height=\"338\" title=\"\u00ab\u00a0Galerie photos | Photos: Everts &#038; Friends 2013\u00a0\u00bb &#8212; Motocross - Enduro - Supermoto | MotocrossMag\" data-secret=\"X9BYz6xyLK\" frameborder=\"0\" marginwidth=\"0\" marginheight=\"0\" scrolling=\"no\" class=\"wp-embedded-content\"><\/iframe><script>\n\/*! This file is auto-generated *\/\n!function(d,l){\"use strict\";l.querySelector&&d.addEventListener&&\"undefined\"!=typeof URL&&(d.wp=d.wp||{},d.wp.receiveEmbedMessage||(d.wp.receiveEmbedMessage=function(e){var t=e.data;if((t||t.secret||t.message||t.value)&&!\/[^a-zA-Z0-9]\/.test(t.secret)){for(var s,r,n,a=l.querySelectorAll('iframe[data-secret=\"'+t.secret+'\"]'),o=l.querySelectorAll('blockquote[data-secret=\"'+t.secret+'\"]'),c=new RegExp(\"^https?:$\",\"i\"),i=0;i<o.length;i++)o[i].style.display=\"none\";for(i=0;i<a.length;i++)s=a[i],e.source===s.contentWindow&&(s.removeAttribute(\"style\"),\"height\"===t.message?(1e3<(r=parseInt(t.value,10))?r=1e3:~~r<200&&(r=200),s.height=r):\"link\"===t.message&&(r=new URL(s.getAttribute(\"src\")),n=new URL(t.value),c.test(n.protocol))&&n.host===r.host&&l.activeElement===s&&(d.top.location.href=t.value))}},d.addEventListener(\"message\",d.wp.receiveEmbedMessage,!1),l.addEventListener(\"DOMContentLoaded\",function(){for(var e,t,s=l.querySelectorAll(\"iframe.wp-embedded-content\"),r=0;r<s.length;r++)(t=(e=s[r]).getAttribute(\"data-secret\"))||(t=Math.random().toString(36).substring(2,12),e.src+=\"#?secret=\"+t,e.setAttribute(\"data-secret\",t)),e.contentWindow.postMessage({message:\"ready\",secret:t},\"*\")},!1)))}(window,document);\n\/\/# sourceURL=https:\/\/fr.motocrossmag.be\/wp-includes\/js\/wp-embed.min.js\n<\/script>\n","description":"L&rsquo;\u00e9dition 2013 de Everts &amp; Friends a tenu toutes ses promesses. Un plateau de stars exceptionnel rassembl\u00e9 pour la bonne cause par Stefan Everts pour le plus grand plaisir des spectateurs et qui se sont donn\u00e9s \u00e0\u00a0 110% malgr\u00e9 des temp\u00e9ratures qui flirtaient avec les 40 degr\u00e9s Celsius&#8230; En prime, un invit\u00e9 de marque pour [&hellip;]","thumbnail_url":"http:\/\/nl.motocrossmag.be\/wp-content\/gallery\/evertsandfriends2013\/thumbs\/thumbs_dsc_4067.jpg"}

L&rsquo;édition 2013 de Everts &amp; Friends a tenu toutes ses promesses. Un plateau de stars exceptionnel rassemblé pour la bonne cause par Stefan Everts pour le plus grand plaisir des spectateurs et qui se sont donnés à  110% malgré des températures qui flirtaient avec les 40 degrés Celsius&#8230; En prime, un invité de marque pour [&hellip;]
