{"version":"1.0","provider_name":"Motocross - Enduro - Supermoto | MotocrossMag","provider_url":"https:\/\/fr.motocrossmag.be","title":"Galerie photos | Photos: MXDN J-1 ! - Motocross - Enduro - Supermoto | MotocrossMag","type":"rich","width":600,"height":338,"html":"<blockquote class=\"wp-embedded-content\" data-secret=\"1q8Ut0q4TO\"><a href=\"https:\/\/fr.motocrossmag.be\/index.php\/2013\/09\/galerie-photos-photos-mxdn-j-1\/\">Galerie photos | Photos: MXDN J-1 !<\/a><\/blockquote><iframe sandbox=\"allow-scripts\" security=\"restricted\" src=\"https:\/\/fr.motocrossmag.be\/index.php\/2013\/09\/galerie-photos-photos-mxdn-j-1\/embed\/#?secret=1q8Ut0q4TO\" width=\"600\" height=\"338\" title=\"\u00ab\u00a0Galerie photos | Photos: MXDN J-1 !\u00a0\u00bb &#8212; Motocross - Enduro - Supermoto | MotocrossMag\" data-secret=\"1q8Ut0q4TO\" frameborder=\"0\" marginwidth=\"0\" marginheight=\"0\" scrolling=\"no\" class=\"wp-embedded-content\"><\/iframe><script>\n\/*! This file is auto-generated *\/\n!function(d,l){\"use strict\";l.querySelector&&d.addEventListener&&\"undefined\"!=typeof URL&&(d.wp=d.wp||{},d.wp.receiveEmbedMessage||(d.wp.receiveEmbedMessage=function(e){var t=e.data;if((t||t.secret||t.message||t.value)&&!\/[^a-zA-Z0-9]\/.test(t.secret)){for(var s,r,n,a=l.querySelectorAll('iframe[data-secret=\"'+t.secret+'\"]'),o=l.querySelectorAll('blockquote[data-secret=\"'+t.secret+'\"]'),c=new RegExp(\"^https?:$\",\"i\"),i=0;i<o.length;i++)o[i].style.display=\"none\";for(i=0;i<a.length;i++)s=a[i],e.source===s.contentWindow&&(s.removeAttribute(\"style\"),\"height\"===t.message?(1e3<(r=parseInt(t.value,10))?r=1e3:~~r<200&&(r=200),s.height=r):\"link\"===t.message&&(r=new URL(s.getAttribute(\"src\")),n=new URL(t.value),c.test(n.protocol))&&n.host===r.host&&l.activeElement===s&&(d.top.location.href=t.value))}},d.addEventListener(\"message\",d.wp.receiveEmbedMessage,!1),l.addEventListener(\"DOMContentLoaded\",function(){for(var e,t,s=l.querySelectorAll(\"iframe.wp-embedded-content\"),r=0;r<s.length;r++)(t=(e=s[r]).getAttribute(\"data-secret\"))||(t=Math.random().toString(36).substring(2,12),e.src+=\"#?secret=\"+t,e.setAttribute(\"data-secret\",t)),e.contentWindow.postMessage({message:\"ready\",secret:t},\"*\")},!1)))}(window,document);\n\/\/# sourceURL=https:\/\/fr.motocrossmag.be\/wp-includes\/js\/wp-embed.min.js\n<\/script>\n","description":"Cette fois, c&rsquo;est parti ! Le Motocross des Nations 2013 a pris son envol cet apr\u00e8s-midi avec la traditionnelle pr\u00e9sentation des teams \u00e0\u00a0 la presse. Dans le paddock, la tension monte tout doucement du c\u00f4t\u00e9 des teams et des pilotes. De leurs c\u00f4t\u00e9s, les supporters arrivent par centaines et arborent d\u00e9j\u00e0\u00a0 dans les all\u00e9es de [&hellip;]","thumbnail_url":"http:\/\/fr.motocrossmag.be\/wp-content\/uploads\/2013\/09\/bmx_4220-150x150.jpg"}

Cette fois, c&rsquo;est parti ! Le Motocross des Nations 2013 a pris son envol cet après-midi avec la traditionnelle présentation des teams à  la presse. Dans le paddock, la tension monte tout doucement du côté des teams et des pilotes. De leurs côtés, les supporters arrivent par centaines et arborent déjà  dans les allées de [&hellip;]
