{"version":"1.0","provider_name":"Motocross - Enduro - Supermoto | MotocrossMag","provider_url":"https:\/\/fr.motocrossmag.be","title":"Photos: la journ\u00e9e du samedi \u00e0 Beto Carrero - Motocross - Enduro - Supermoto | MotocrossMag","type":"rich","width":600,"height":338,"html":"<blockquote class=\"wp-embedded-content\" data-secret=\"4ol4klWnjb\"><a href=\"https:\/\/fr.motocrossmag.be\/index.php\/2014\/03\/photos-la-journee-du-samedi-a-beto-carrero\/\">Photos: la journ\u00e9e du samedi \u00e0 Beto Carrero<\/a><\/blockquote><iframe sandbox=\"allow-scripts\" security=\"restricted\" src=\"https:\/\/fr.motocrossmag.be\/index.php\/2014\/03\/photos-la-journee-du-samedi-a-beto-carrero\/embed\/#?secret=4ol4klWnjb\" width=\"600\" height=\"338\" title=\"\u00ab\u00a0Photos: la journ\u00e9e du samedi \u00e0 Beto Carrero\u00a0\u00bb &#8212; Motocross - Enduro - Supermoto | MotocrossMag\" data-secret=\"4ol4klWnjb\" frameborder=\"0\" marginwidth=\"0\" marginheight=\"0\" scrolling=\"no\" class=\"wp-embedded-content\"><\/iframe><script>\n\/*! This file is auto-generated *\/\n!function(d,l){\"use strict\";l.querySelector&&d.addEventListener&&\"undefined\"!=typeof URL&&(d.wp=d.wp||{},d.wp.receiveEmbedMessage||(d.wp.receiveEmbedMessage=function(e){var t=e.data;if((t||t.secret||t.message||t.value)&&!\/[^a-zA-Z0-9]\/.test(t.secret)){for(var s,r,n,a=l.querySelectorAll('iframe[data-secret=\"'+t.secret+'\"]'),o=l.querySelectorAll('blockquote[data-secret=\"'+t.secret+'\"]'),c=new RegExp(\"^https?:$\",\"i\"),i=0;i<o.length;i++)o[i].style.display=\"none\";for(i=0;i<a.length;i++)s=a[i],e.source===s.contentWindow&&(s.removeAttribute(\"style\"),\"height\"===t.message?(1e3<(r=parseInt(t.value,10))?r=1e3:~~r<200&&(r=200),s.height=r):\"link\"===t.message&&(r=new URL(s.getAttribute(\"src\")),n=new URL(t.value),c.test(n.protocol))&&n.host===r.host&&l.activeElement===s&&(d.top.location.href=t.value))}},d.addEventListener(\"message\",d.wp.receiveEmbedMessage,!1),l.addEventListener(\"DOMContentLoaded\",function(){for(var e,t,s=l.querySelectorAll(\"iframe.wp-embedded-content\"),r=0;r<s.length;r++)(t=(e=s[r]).getAttribute(\"data-secret\"))||(t=Math.random().toString(36).substring(2,12),e.src+=\"#?secret=\"+t,e.setAttribute(\"data-secret\",t)),e.contentWindow.postMessage({message:\"ready\",secret:t},\"*\")},!1)))}(window,document);\n\/\/# sourceURL=https:\/\/fr.motocrossmag.be\/wp-includes\/js\/wp-embed.min.js\n<\/script>\n","thumbnail_url":"https:\/\/fr.motocrossmag.be\/wp-content\/uploads\/2014\/03\/frossard_FP4A0343.jpg","thumbnail_width":1000,"thumbnail_height":666,"description":"Un peu de pluie en matin\u00e9e mais un temps finalement ensoleill\u00e9 pour les premiers tours de roues des pilotes MXGP sur le circuit de Beto Carrero, au Br\u00e9sil, ce samedi. De quoi nous offrir de belles manches qualificatives mais aussi de belles images sign\u00e9es \u00ab\u00a0CDS\u00a0\u00bb. Photos: CDS"}

Photos: la journée du samedi à Beto Carrero - Motocross - Enduro - Supermoto | MotocrossMag

<blockquote class="wp-embedded-content" data-secret="4ol4klWnjb"><a href="https://fr.motocrossmag.be/index.php/2014/03/photos-la-journee-du-samedi-a-beto-carrero/">Photos: la journée du samedi à Beto Carrero</a></blockquote><iframe sandbox="allow-scripts" security="restricted" src="https://fr.motocrossmag.be/index.php/2014/03/photos-la-journee-du-samedi-a-beto-carrero/embed/#?secret=4ol4klWnjb" width="600" height="338" title="« Photos: la journée du samedi à Beto Carrero » &#8212; Motocross - Enduro - Supermoto | MotocrossMag" data-secret="4ol4klWnjb" frameborder="0" marginwidth="0" marginheight="0" scrolling="no" class="wp-embedded-content"></iframe><script>
/*! This file is auto-generated */
!function(d,l){"use strict";l.querySelector&&d.addEventListener&&"undefined"!=typeof URL&&(d.wp=d.wp||{},d.wp.receiveEmbedMessage||(d.wp.receiveEmbedMessage=function(e){var t=e.data;if((t||t.secret||t.message||t.value)&&!/[^a-zA-Z0-9]/.test(t.secret)){for(var s,r,n,a=l.querySelectorAll('iframe[data-secret="'+t.secret+'"]'),o=l.querySelectorAll('blockquote[data-secret="'+t.secret+'"]'),c=new RegExp("^https?:$","i"),i=0;i<o.length;i++)o[i].style.display="none";for(i=0;i<a.length;i++)s=a[i],e.source===s.contentWindow&&(s.removeAttribute("style"),"height"===t.message?(1e3<(r=parseInt(t.value,10))?r=1e3:~~r<200&&(r=200),s.height=r):"link"===t.message&&(r=new URL(s.getAttribute("src")),n=new URL(t.value),c.test(n.protocol))&&n.host===r.host&&l.activeElement===s&&(d.top.location.href=t.value))}},d.addEventListener("message",d.wp.receiveEmbedMessage,!1),l.addEventListener("DOMContentLoaded",function(){for(var e,t,s=l.querySelectorAll("iframe.wp-embedded-content"),r=0;r<s.length;r++)(t=(e=s[r]).getAttribute("data-secret"))||(t=Math.random().toString(36).substring(2,12),e.src+="#?secret="+t,e.setAttribute("data-secret",t)),e.contentWindow.postMessage({message:"ready",secret:t},"*")},!1)))}(window,document);
//# sourceURL=https://fr.motocrossmag.be/wp-includes/js/wp-embed.min.js
</script>

Un peu de pluie en matinée mais un temps finalement ensoleillé pour les premiers tours de roues des pilotes MXGP sur le circuit de Beto Carrero, au Brésil, ce samedi. De quoi nous offrir de belles manches qualificatives mais aussi de belles images signées « CDS ». Photos: CDS
