{"version":"1.0","provider_name":"Motocross - Enduro - Supermoto | MotocrossMag","provider_url":"https:\/\/fr.motocrossmag.be","title":"Photos: le GP d'Allemagne \u00e0 Teutschenthal - Motocross - Enduro - Supermoto | MotocrossMag","type":"rich","width":600,"height":338,"html":"<blockquote class=\"wp-embedded-content\" data-secret=\"XRr1skC5ui\"><a href=\"https:\/\/fr.motocrossmag.be\/index.php\/2015\/06\/photos-le-gp-dallemagne-a-teutschenthal\/\">Photos: le GP d&rsquo;Allemagne \u00e0 Teutschenthal<\/a><\/blockquote><iframe sandbox=\"allow-scripts\" security=\"restricted\" src=\"https:\/\/fr.motocrossmag.be\/index.php\/2015\/06\/photos-le-gp-dallemagne-a-teutschenthal\/embed\/#?secret=XRr1skC5ui\" width=\"600\" height=\"338\" title=\"\u00ab\u00a0Photos: le GP d&rsquo;Allemagne \u00e0 Teutschenthal\u00a0\u00bb &#8212; Motocross - Enduro - Supermoto | MotocrossMag\" data-secret=\"XRr1skC5ui\" frameborder=\"0\" marginwidth=\"0\" marginheight=\"0\" scrolling=\"no\" class=\"wp-embedded-content\"><\/iframe><script>\n\/*! This file is auto-generated *\/\n!function(d,l){\"use strict\";l.querySelector&&d.addEventListener&&\"undefined\"!=typeof URL&&(d.wp=d.wp||{},d.wp.receiveEmbedMessage||(d.wp.receiveEmbedMessage=function(e){var t=e.data;if((t||t.secret||t.message||t.value)&&!\/[^a-zA-Z0-9]\/.test(t.secret)){for(var s,r,n,a=l.querySelectorAll('iframe[data-secret=\"'+t.secret+'\"]'),o=l.querySelectorAll('blockquote[data-secret=\"'+t.secret+'\"]'),c=new RegExp(\"^https?:$\",\"i\"),i=0;i<o.length;i++)o[i].style.display=\"none\";for(i=0;i<a.length;i++)s=a[i],e.source===s.contentWindow&&(s.removeAttribute(\"style\"),\"height\"===t.message?(1e3<(r=parseInt(t.value,10))?r=1e3:~~r<200&&(r=200),s.height=r):\"link\"===t.message&&(r=new URL(s.getAttribute(\"src\")),n=new URL(t.value),c.test(n.protocol))&&n.host===r.host&&l.activeElement===s&&(d.top.location.href=t.value))}},d.addEventListener(\"message\",d.wp.receiveEmbedMessage,!1),l.addEventListener(\"DOMContentLoaded\",function(){for(var e,t,s=l.querySelectorAll(\"iframe.wp-embedded-content\"),r=0;r<s.length;r++)(t=(e=s[r]).getAttribute(\"data-secret\"))||(t=Math.random().toString(36).substring(2,12),e.src+=\"#?secret=\"+t,e.setAttribute(\"data-secret\",t)),e.contentWindow.postMessage({message:\"ready\",secret:t},\"*\")},!1)))}(window,document);\n\/\/# sourceURL=https:\/\/fr.motocrossmag.be\/wp-includes\/js\/wp-embed.min.js\n<\/script>\n","thumbnail_url":"https:\/\/fr.motocrossmag.be\/wp-content\/uploads\/2015\/06\/Teutschenthal-2015_IMG_2273-copie.jpg","thumbnail_width":900,"thumbnail_height":600,"description":"Le 10\u00e8me rendez-vous du championnat MXGP ce week-end \u00e0 Teutschenthal a une fois de plus offert son lot d&rsquo;\u00e9motions et de rebondissements. Les blessures de Max Nagl et de Jeffrey Herlings, respectivement leaders des classements provisoires MXGP et MX2, la 3\u00e8me victoire cons\u00e9cutive de Romain F\u00e8bvre dans la cat\u00e9gorie reine, la seconde de Tim Gasjer [&hellip;]"}

Photos: le GP d'Allemagne à Teutschenthal - Motocross - Enduro - Supermoto | MotocrossMag

<blockquote class="wp-embedded-content" data-secret="XRr1skC5ui"><a href="https://fr.motocrossmag.be/index.php/2015/06/photos-le-gp-dallemagne-a-teutschenthal/">Photos: le GP d&rsquo;Allemagne à Teutschenthal</a></blockquote><iframe sandbox="allow-scripts" security="restricted" src="https://fr.motocrossmag.be/index.php/2015/06/photos-le-gp-dallemagne-a-teutschenthal/embed/#?secret=XRr1skC5ui" width="600" height="338" title="« Photos: le GP d&rsquo;Allemagne à Teutschenthal » &#8212; Motocross - Enduro - Supermoto | MotocrossMag" data-secret="XRr1skC5ui" frameborder="0" marginwidth="0" marginheight="0" scrolling="no" class="wp-embedded-content"></iframe><script>
/*! This file is auto-generated */
!function(d,l){"use strict";l.querySelector&&d.addEventListener&&"undefined"!=typeof URL&&(d.wp=d.wp||{},d.wp.receiveEmbedMessage||(d.wp.receiveEmbedMessage=function(e){var t=e.data;if((t||t.secret||t.message||t.value)&&!/[^a-zA-Z0-9]/.test(t.secret)){for(var s,r,n,a=l.querySelectorAll('iframe[data-secret="'+t.secret+'"]'),o=l.querySelectorAll('blockquote[data-secret="'+t.secret+'"]'),c=new RegExp("^https?:$","i"),i=0;i<o.length;i++)o[i].style.display="none";for(i=0;i<a.length;i++)s=a[i],e.source===s.contentWindow&&(s.removeAttribute("style"),"height"===t.message?(1e3<(r=parseInt(t.value,10))?r=1e3:~~r<200&&(r=200),s.height=r):"link"===t.message&&(r=new URL(s.getAttribute("src")),n=new URL(t.value),c.test(n.protocol))&&n.host===r.host&&l.activeElement===s&&(d.top.location.href=t.value))}},d.addEventListener("message",d.wp.receiveEmbedMessage,!1),l.addEventListener("DOMContentLoaded",function(){for(var e,t,s=l.querySelectorAll("iframe.wp-embedded-content"),r=0;r<s.length;r++)(t=(e=s[r]).getAttribute("data-secret"))||(t=Math.random().toString(36).substring(2,12),e.src+="#?secret="+t,e.setAttribute("data-secret",t)),e.contentWindow.postMessage({message:"ready",secret:t},"*")},!1)))}(window,document);
//# sourceURL=https://fr.motocrossmag.be/wp-includes/js/wp-embed.min.js
</script>

Le 10ème rendez-vous du championnat MXGP ce week-end à Teutschenthal a une fois de plus offert son lot d&rsquo;émotions et de rebondissements. Les blessures de Max Nagl et de Jeffrey Herlings, respectivement leaders des classements provisoires MXGP et MX2, la 3ème victoire consécutive de Romain Fèbvre dans la catégorie reine, la seconde de Tim Gasjer [&hellip;]
