{"version":"1.0","provider_name":"Motocross - Enduro - Supermoto | MotocrossMag","provider_url":"https:\/\/fr.motocrossmag.be","title":"Photos: Everts & Friends par Vepix et BrentMXPics - Motocross - Enduro - Supermoto | MotocrossMag","type":"rich","width":600,"height":338,"html":"<blockquote class=\"wp-embedded-content\" data-secret=\"25nUz6eG14\"><a href=\"https:\/\/fr.motocrossmag.be\/index.php\/2015\/07\/photos-everts-friends-par-vepix-et-brentmxpics\/\">Photos: Everts &#038; Friends par Vepix et BrentMXPics<\/a><\/blockquote><iframe sandbox=\"allow-scripts\" security=\"restricted\" src=\"https:\/\/fr.motocrossmag.be\/index.php\/2015\/07\/photos-everts-friends-par-vepix-et-brentmxpics\/embed\/#?secret=25nUz6eG14\" width=\"600\" height=\"338\" title=\"\u00ab\u00a0Photos: Everts &#038; Friends par Vepix et BrentMXPics\u00a0\u00bb &#8212; Motocross - Enduro - Supermoto | MotocrossMag\" data-secret=\"25nUz6eG14\" frameborder=\"0\" marginwidth=\"0\" marginheight=\"0\" scrolling=\"no\" class=\"wp-embedded-content\"><\/iframe><script>\n\/*! This file is auto-generated *\/\n!function(d,l){\"use strict\";l.querySelector&&d.addEventListener&&\"undefined\"!=typeof URL&&(d.wp=d.wp||{},d.wp.receiveEmbedMessage||(d.wp.receiveEmbedMessage=function(e){var t=e.data;if((t||t.secret||t.message||t.value)&&!\/[^a-zA-Z0-9]\/.test(t.secret)){for(var s,r,n,a=l.querySelectorAll('iframe[data-secret=\"'+t.secret+'\"]'),o=l.querySelectorAll('blockquote[data-secret=\"'+t.secret+'\"]'),c=new RegExp(\"^https?:$\",\"i\"),i=0;i<o.length;i++)o[i].style.display=\"none\";for(i=0;i<a.length;i++)s=a[i],e.source===s.contentWindow&&(s.removeAttribute(\"style\"),\"height\"===t.message?(1e3<(r=parseInt(t.value,10))?r=1e3:~~r<200&&(r=200),s.height=r):\"link\"===t.message&&(r=new URL(s.getAttribute(\"src\")),n=new URL(t.value),c.test(n.protocol))&&n.host===r.host&&l.activeElement===s&&(d.top.location.href=t.value))}},d.addEventListener(\"message\",d.wp.receiveEmbedMessage,!1),l.addEventListener(\"DOMContentLoaded\",function(){for(var e,t,s=l.querySelectorAll(\"iframe.wp-embedded-content\"),r=0;r<s.length;r++)(t=(e=s[r]).getAttribute(\"data-secret\"))||(t=Math.random().toString(36).substring(2,12),e.src+=\"#?secret=\"+t,e.setAttribute(\"data-secret\",t)),e.contentWindow.postMessage({message:\"ready\",secret:t},\"*\")},!1)))}(window,document);\n\/\/# sourceURL=https:\/\/fr.motocrossmag.be\/wp-includes\/js\/wp-embed.min.js\n<\/script>\n","thumbnail_url":"https:\/\/fr.motocrossmag.be\/wp-content\/uploads\/2015\/07\/image-20-1024x680.jpg","thumbnail_width":1024,"thumbnail_height":680,"description":"On revient une nouvelle fois sur la 10\u00e8me \u00e9dition de la course de charit\u00e9 Everts &amp; Friends organis\u00e9e au profit des enfants malades par le d\u00e9cuple champion du monde de motocross. The Legend et ses (nombreux) amis en images avec cette galerie sign\u00e9e BrentMXPics et Frederik \u00ab\u00a0Vepix\u00a0\u00bb Van Eeckhoven."}

On revient une nouvelle fois sur la 10ème édition de la course de charité Everts &amp; Friends organisée au profit des enfants malades par le décuple champion du monde de motocross. The Legend et ses (nombreux) amis en images avec cette galerie signée BrentMXPics et Frederik « Vepix » Van Eeckhoven.
