{"version":"1.0","provider_name":"Motocross - Enduro - Supermoto | MotocrossMag","provider_url":"https:\/\/fr.motocrossmag.be","title":"Bryan Boulard absent du GP de Suisse - Motocross - Enduro - Supermoto | MotocrossMag","type":"rich","width":600,"height":338,"html":"<blockquote class=\"wp-embedded-content\" data-secret=\"ZcNU8S8wdW\"><a href=\"https:\/\/fr.motocrossmag.be\/index.php\/2016\/08\/bryan-boulard-absent-du-gp-de-suisse\/\">Bryan Boulard absent du GP de Suisse<\/a><\/blockquote><iframe sandbox=\"allow-scripts\" security=\"restricted\" src=\"https:\/\/fr.motocrossmag.be\/index.php\/2016\/08\/bryan-boulard-absent-du-gp-de-suisse\/embed\/#?secret=ZcNU8S8wdW\" width=\"600\" height=\"338\" title=\"\u00ab\u00a0Bryan Boulard absent du GP de Suisse\u00a0\u00bb &#8212; Motocross - Enduro - Supermoto | MotocrossMag\" data-secret=\"ZcNU8S8wdW\" frameborder=\"0\" marginwidth=\"0\" marginheight=\"0\" scrolling=\"no\" class=\"wp-embedded-content\"><\/iframe><script>\n\/*! This file is auto-generated *\/\n!function(d,l){\"use strict\";l.querySelector&&d.addEventListener&&\"undefined\"!=typeof URL&&(d.wp=d.wp||{},d.wp.receiveEmbedMessage||(d.wp.receiveEmbedMessage=function(e){var t=e.data;if((t||t.secret||t.message||t.value)&&!\/[^a-zA-Z0-9]\/.test(t.secret)){for(var s,r,n,a=l.querySelectorAll('iframe[data-secret=\"'+t.secret+'\"]'),o=l.querySelectorAll('blockquote[data-secret=\"'+t.secret+'\"]'),c=new RegExp(\"^https?:$\",\"i\"),i=0;i<o.length;i++)o[i].style.display=\"none\";for(i=0;i<a.length;i++)s=a[i],e.source===s.contentWindow&&(s.removeAttribute(\"style\"),\"height\"===t.message?(1e3<(r=parseInt(t.value,10))?r=1e3:~~r<200&&(r=200),s.height=r):\"link\"===t.message&&(r=new URL(s.getAttribute(\"src\")),n=new URL(t.value),c.test(n.protocol))&&n.host===r.host&&l.activeElement===s&&(d.top.location.href=t.value))}},d.addEventListener(\"message\",d.wp.receiveEmbedMessage,!1),l.addEventListener(\"DOMContentLoaded\",function(){for(var e,t,s=l.querySelectorAll(\"iframe.wp-embedded-content\"),r=0;r<s.length;r++)(t=(e=s[r]).getAttribute(\"data-secret\"))||(t=Math.random().toString(36).substring(2,12),e.src+=\"#?secret=\"+t,e.setAttribute(\"data-secret\",t)),e.contentWindow.postMessage({message:\"ready\",secret:t},\"*\")},!1)))}(window,document);\n\/\/# sourceURL=https:\/\/fr.motocrossmag.be\/wp-includes\/js\/wp-embed.min.js\n<\/script>\n","thumbnail_url":"https:\/\/fr.motocrossmag.be\/wp-content\/uploads\/2016\/08\/Lommel_Lommel_lassenceloic-13.jpg","thumbnail_width":1400,"thumbnail_height":933,"description":"Bryan Boulard roule depuis le GP de Loket sous de nouvelles couleurs, celles de la structure e-MX Racing Honda mise sur pied par C\u00e9dric Mazzoleni pour permettre \u00e0 notre compatriote de terminer sa saison apr\u00e8s sa rupture avec le team Kawasaki VHR. Malheureusement, apr\u00e8s le GP de Lommel, Bryan apprenait qu&rsquo;\u00e0 la suite du fait [&hellip;]"}

Bryan Boulard roule depuis le GP de Loket sous de nouvelles couleurs, celles de la structure e-MX Racing Honda mise sur pied par Cédric Mazzoleni pour permettre à notre compatriote de terminer sa saison après sa rupture avec le team Kawasaki VHR. Malheureusement, après le GP de Lommel, Bryan apprenait qu&rsquo;à la suite du fait [&hellip;]
