{"version":"1.0","provider_name":"Motocross - Enduro - Supermoto | MotocrossMag","provider_url":"https:\/\/fr.motocrossmag.be","title":"Yentel Martens: \u00abJ'ai retrouv\u00e9 le plaisir de rouler\u00bb - Motocross - Enduro - Supermoto | MotocrossMag","type":"rich","width":600,"height":338,"html":"<blockquote class=\"wp-embedded-content\" data-secret=\"u7QNHPpdhU\"><a href=\"https:\/\/fr.motocrossmag.be\/index.php\/2017\/03\/yentel-martens-retrouve-le-plaisir-de-rouler\/\">Yentel Martens: \u00abJ&rsquo;ai retrouv\u00e9 le plaisir de rouler\u00bb<\/a><\/blockquote><iframe sandbox=\"allow-scripts\" security=\"restricted\" src=\"https:\/\/fr.motocrossmag.be\/index.php\/2017\/03\/yentel-martens-retrouve-le-plaisir-de-rouler\/embed\/#?secret=u7QNHPpdhU\" width=\"600\" height=\"338\" title=\"\u00ab\u00a0Yentel Martens: \u00abJ&rsquo;ai retrouv\u00e9 le plaisir de rouler\u00bb\u00a0\u00bb &#8212; Motocross - Enduro - Supermoto | MotocrossMag\" data-secret=\"u7QNHPpdhU\" frameborder=\"0\" marginwidth=\"0\" marginheight=\"0\" scrolling=\"no\" class=\"wp-embedded-content\"><\/iframe><script>\n\/*! This file is auto-generated *\/\n!function(d,l){\"use strict\";l.querySelector&&d.addEventListener&&\"undefined\"!=typeof URL&&(d.wp=d.wp||{},d.wp.receiveEmbedMessage||(d.wp.receiveEmbedMessage=function(e){var t=e.data;if((t||t.secret||t.message||t.value)&&!\/[^a-zA-Z0-9]\/.test(t.secret)){for(var s,r,n,a=l.querySelectorAll('iframe[data-secret=\"'+t.secret+'\"]'),o=l.querySelectorAll('blockquote[data-secret=\"'+t.secret+'\"]'),c=new RegExp(\"^https?:$\",\"i\"),i=0;i<o.length;i++)o[i].style.display=\"none\";for(i=0;i<a.length;i++)s=a[i],e.source===s.contentWindow&&(s.removeAttribute(\"style\"),\"height\"===t.message?(1e3<(r=parseInt(t.value,10))?r=1e3:~~r<200&&(r=200),s.height=r):\"link\"===t.message&&(r=new URL(s.getAttribute(\"src\")),n=new URL(t.value),c.test(n.protocol))&&n.host===r.host&&l.activeElement===s&&(d.top.location.href=t.value))}},d.addEventListener(\"message\",d.wp.receiveEmbedMessage,!1),l.addEventListener(\"DOMContentLoaded\",function(){for(var e,t,s=l.querySelectorAll(\"iframe.wp-embedded-content\"),r=0;r<s.length;r++)(t=(e=s[r]).getAttribute(\"data-secret\"))||(t=Math.random().toString(36).substring(2,12),e.src+=\"#?secret=\"+t,e.setAttribute(\"data-secret\",t)),e.contentWindow.postMessage({message:\"ready\",secret:t},\"*\")},!1)))}(window,document);\n\/\/# sourceURL=https:\/\/fr.motocrossmag.be\/wp-includes\/js\/wp-embed.min.js\n<\/script>\n","thumbnail_url":"https:\/\/fr.motocrossmag.be\/wp-content\/uploads\/2016\/03\/valkenswaard_martens_yentel.jpg","thumbnail_width":1200,"thumbnail_height":800,"description":"Yentel Martens n\u2019est certes pas un grand bavard mais ses r\u00e9cents r\u00e9sultats (une quatri\u00e8me place au Touquet, des victoires au Wintercross de Groesbeek puis dans le championnat de Hollande \u00e0 Heerde et enfin \u00e0 Moerbeke le week-end dernier) m\u00e9ritaient bien qu\u2019on s\u2019int\u00e9resse de plus pr\u00e8s \u00e0 ce pilote \u00e2g\u00e9 aujourd\u2019hui de 26 ans. A Moerbeke, [&hellip;]"}

Yentel Martens: «J'ai retrouvé le plaisir de rouler» - Motocross - Enduro - Supermoto | MotocrossMag

<blockquote class="wp-embedded-content" data-secret="u7QNHPpdhU"><a href="https://fr.motocrossmag.be/index.php/2017/03/yentel-martens-retrouve-le-plaisir-de-rouler/">Yentel Martens: «J&rsquo;ai retrouvé le plaisir de rouler»</a></blockquote><iframe sandbox="allow-scripts" security="restricted" src="https://fr.motocrossmag.be/index.php/2017/03/yentel-martens-retrouve-le-plaisir-de-rouler/embed/#?secret=u7QNHPpdhU" width="600" height="338" title="« Yentel Martens: «J&rsquo;ai retrouvé le plaisir de rouler» » &#8212; Motocross - Enduro - Supermoto | MotocrossMag" data-secret="u7QNHPpdhU" frameborder="0" marginwidth="0" marginheight="0" scrolling="no" class="wp-embedded-content"></iframe><script>
/*! This file is auto-generated */
!function(d,l){"use strict";l.querySelector&&d.addEventListener&&"undefined"!=typeof URL&&(d.wp=d.wp||{},d.wp.receiveEmbedMessage||(d.wp.receiveEmbedMessage=function(e){var t=e.data;if((t||t.secret||t.message||t.value)&&!/[^a-zA-Z0-9]/.test(t.secret)){for(var s,r,n,a=l.querySelectorAll('iframe[data-secret="'+t.secret+'"]'),o=l.querySelectorAll('blockquote[data-secret="'+t.secret+'"]'),c=new RegExp("^https?:$","i"),i=0;i<o.length;i++)o[i].style.display="none";for(i=0;i<a.length;i++)s=a[i],e.source===s.contentWindow&&(s.removeAttribute("style"),"height"===t.message?(1e3<(r=parseInt(t.value,10))?r=1e3:~~r<200&&(r=200),s.height=r):"link"===t.message&&(r=new URL(s.getAttribute("src")),n=new URL(t.value),c.test(n.protocol))&&n.host===r.host&&l.activeElement===s&&(d.top.location.href=t.value))}},d.addEventListener("message",d.wp.receiveEmbedMessage,!1),l.addEventListener("DOMContentLoaded",function(){for(var e,t,s=l.querySelectorAll("iframe.wp-embedded-content"),r=0;r<s.length;r++)(t=(e=s[r]).getAttribute("data-secret"))||(t=Math.random().toString(36).substring(2,12),e.src+="#?secret="+t,e.setAttribute("data-secret",t)),e.contentWindow.postMessage({message:"ready",secret:t},"*")},!1)))}(window,document);
//# sourceURL=https://fr.motocrossmag.be/wp-includes/js/wp-embed.min.js
</script>

Yentel Martens n’est certes pas un grand bavard mais ses récents résultats (une quatrième place au Touquet, des victoires au Wintercross de Groesbeek puis dans le championnat de Hollande à Heerde et enfin à Moerbeke le week-end dernier) méritaient bien qu’on s’intéresse de plus près à ce pilote âgé aujourd’hui de 26 ans. A Moerbeke, [&hellip;]
