{"version":"1.0","provider_name":"Motocross - Enduro - Supermoto | MotocrossMag","provider_url":"https:\/\/fr.motocrossmag.be","title":"EMX125\/EMX250 \u00e0 Lommel : tous les r\u00e9sultats du samedi - Motocross - Enduro - Supermoto | MotocrossMag","type":"rich","width":600,"height":338,"html":"<blockquote class=\"wp-embedded-content\" data-secret=\"7TM5Qj9CpJ\"><a href=\"https:\/\/fr.motocrossmag.be\/index.php\/2019\/08\/emx125emx250-a-lommel-tous-les-resultats-du-samedi\/\">EMX125\/EMX250 \u00e0 Lommel : tous les r\u00e9sultats du samedi<\/a><\/blockquote><iframe sandbox=\"allow-scripts\" security=\"restricted\" src=\"https:\/\/fr.motocrossmag.be\/index.php\/2019\/08\/emx125emx250-a-lommel-tous-les-resultats-du-samedi\/embed\/#?secret=7TM5Qj9CpJ\" width=\"600\" height=\"338\" title=\"\u00ab\u00a0EMX125\/EMX250 \u00e0 Lommel : tous les r\u00e9sultats du samedi\u00a0\u00bb &#8212; Motocross - Enduro - Supermoto | MotocrossMag\" data-secret=\"7TM5Qj9CpJ\" frameborder=\"0\" marginwidth=\"0\" marginheight=\"0\" scrolling=\"no\" class=\"wp-embedded-content\"><\/iframe><script>\n\/*! This file is auto-generated *\/\n!function(d,l){\"use strict\";l.querySelector&&d.addEventListener&&\"undefined\"!=typeof URL&&(d.wp=d.wp||{},d.wp.receiveEmbedMessage||(d.wp.receiveEmbedMessage=function(e){var t=e.data;if((t||t.secret||t.message||t.value)&&!\/[^a-zA-Z0-9]\/.test(t.secret)){for(var s,r,n,a=l.querySelectorAll('iframe[data-secret=\"'+t.secret+'\"]'),o=l.querySelectorAll('blockquote[data-secret=\"'+t.secret+'\"]'),c=new RegExp(\"^https?:$\",\"i\"),i=0;i<o.length;i++)o[i].style.display=\"none\";for(i=0;i<a.length;i++)s=a[i],e.source===s.contentWindow&&(s.removeAttribute(\"style\"),\"height\"===t.message?(1e3<(r=parseInt(t.value,10))?r=1e3:~~r<200&&(r=200),s.height=r):\"link\"===t.message&&(r=new URL(s.getAttribute(\"src\")),n=new URL(t.value),c.test(n.protocol))&&n.host===r.host&&l.activeElement===s&&(d.top.location.href=t.value))}},d.addEventListener(\"message\",d.wp.receiveEmbedMessage,!1),l.addEventListener(\"DOMContentLoaded\",function(){for(var e,t,s=l.querySelectorAll(\"iframe.wp-embedded-content\"),r=0;r<s.length;r++)(t=(e=s[r]).getAttribute(\"data-secret\"))||(t=Math.random().toString(36).substring(2,12),e.src+=\"#?secret=\"+t,e.setAttribute(\"data-secret\",t)),e.contentWindow.postMessage({message:\"ready\",secret:t},\"*\")},!1)))}(window,document);\n\/\/# sourceURL=https:\/\/fr.motocrossmag.be\/wp-includes\/js\/wp-embed.min.js\n<\/script>\n","thumbnail_url":"https:\/\/fr.motocrossmag.be\/wp-content\/uploads\/2019\/08\/Lommel-3138.jpg","thumbnail_width":1000,"thumbnail_height":666,"description":"Le sable du circuit de Lommel accueille ce week-end le 7\u00e8me round du championnat EMX250 et le 6\u00e8me du championnat EMX125. Pr\u00e8s de 150 pilotes ont tent\u00e9 ce samedi de se qualifier. Nos compatriotes Greg Smets et Jarni Kooij ont pass\u00e9 le cap en EMX250 tandis que Marnick Lagrou accompagnait Liam Everts derri\u00e8re la grille [&hellip;]"}

EMX125/EMX250 à Lommel : tous les résultats du samedi - Motocross - Enduro - Supermoto | MotocrossMag

<blockquote class="wp-embedded-content" data-secret="7TM5Qj9CpJ"><a href="https://fr.motocrossmag.be/index.php/2019/08/emx125emx250-a-lommel-tous-les-resultats-du-samedi/">EMX125/EMX250 à Lommel : tous les résultats du samedi</a></blockquote><iframe sandbox="allow-scripts" security="restricted" src="https://fr.motocrossmag.be/index.php/2019/08/emx125emx250-a-lommel-tous-les-resultats-du-samedi/embed/#?secret=7TM5Qj9CpJ" width="600" height="338" title="« EMX125/EMX250 à Lommel : tous les résultats du samedi » &#8212; Motocross - Enduro - Supermoto | MotocrossMag" data-secret="7TM5Qj9CpJ" frameborder="0" marginwidth="0" marginheight="0" scrolling="no" class="wp-embedded-content"></iframe><script>
/*! This file is auto-generated */
!function(d,l){"use strict";l.querySelector&&d.addEventListener&&"undefined"!=typeof URL&&(d.wp=d.wp||{},d.wp.receiveEmbedMessage||(d.wp.receiveEmbedMessage=function(e){var t=e.data;if((t||t.secret||t.message||t.value)&&!/[^a-zA-Z0-9]/.test(t.secret)){for(var s,r,n,a=l.querySelectorAll('iframe[data-secret="'+t.secret+'"]'),o=l.querySelectorAll('blockquote[data-secret="'+t.secret+'"]'),c=new RegExp("^https?:$","i"),i=0;i<o.length;i++)o[i].style.display="none";for(i=0;i<a.length;i++)s=a[i],e.source===s.contentWindow&&(s.removeAttribute("style"),"height"===t.message?(1e3<(r=parseInt(t.value,10))?r=1e3:~~r<200&&(r=200),s.height=r):"link"===t.message&&(r=new URL(s.getAttribute("src")),n=new URL(t.value),c.test(n.protocol))&&n.host===r.host&&l.activeElement===s&&(d.top.location.href=t.value))}},d.addEventListener("message",d.wp.receiveEmbedMessage,!1),l.addEventListener("DOMContentLoaded",function(){for(var e,t,s=l.querySelectorAll("iframe.wp-embedded-content"),r=0;r<s.length;r++)(t=(e=s[r]).getAttribute("data-secret"))||(t=Math.random().toString(36).substring(2,12),e.src+="#?secret="+t,e.setAttribute("data-secret",t)),e.contentWindow.postMessage({message:"ready",secret:t},"*")},!1)))}(window,document);
//# sourceURL=https://fr.motocrossmag.be/wp-includes/js/wp-embed.min.js
</script>

Le sable du circuit de Lommel accueille ce week-end le 7ème round du championnat EMX250 et le 6ème du championnat EMX125. Près de 150 pilotes ont tenté ce samedi de se qualifier. Nos compatriotes Greg Smets et Jarni Kooij ont passé le cap en EMX250 tandis que Marnick Lagrou accompagnait Liam Everts derrière la grille [&hellip;]
