{"version":"1.0","provider_name":"Motocross - Enduro - Supermoto | MotocrossMag","provider_url":"https:\/\/fr.motocrossmag.be","title":"Zach Osborne poursuit avec Husqvarna - Motocross - Enduro - Supermoto | MotocrossMag","type":"rich","width":600,"height":338,"html":"<blockquote class=\"wp-embedded-content\" data-secret=\"l6A1POAU15\"><a href=\"https:\/\/fr.motocrossmag.be\/index.php\/2019\/11\/zach-osborne-poursuit-avec-husqvarna\/\">Zach Osborne poursuit avec Husqvarna<\/a><\/blockquote><iframe sandbox=\"allow-scripts\" security=\"restricted\" src=\"https:\/\/fr.motocrossmag.be\/index.php\/2019\/11\/zach-osborne-poursuit-avec-husqvarna\/embed\/#?secret=l6A1POAU15\" width=\"600\" height=\"338\" title=\"\u00ab\u00a0Zach Osborne poursuit avec Husqvarna\u00a0\u00bb &#8212; Motocross - Enduro - Supermoto | MotocrossMag\" data-secret=\"l6A1POAU15\" frameborder=\"0\" marginwidth=\"0\" marginheight=\"0\" scrolling=\"no\" class=\"wp-embedded-content\"><\/iframe><script>\n\/*! This file is auto-generated *\/\n!function(d,l){\"use strict\";l.querySelector&&d.addEventListener&&\"undefined\"!=typeof URL&&(d.wp=d.wp||{},d.wp.receiveEmbedMessage||(d.wp.receiveEmbedMessage=function(e){var t=e.data;if((t||t.secret||t.message||t.value)&&!\/[^a-zA-Z0-9]\/.test(t.secret)){for(var s,r,n,a=l.querySelectorAll('iframe[data-secret=\"'+t.secret+'\"]'),o=l.querySelectorAll('blockquote[data-secret=\"'+t.secret+'\"]'),c=new RegExp(\"^https?:$\",\"i\"),i=0;i<o.length;i++)o[i].style.display=\"none\";for(i=0;i<a.length;i++)s=a[i],e.source===s.contentWindow&&(s.removeAttribute(\"style\"),\"height\"===t.message?(1e3<(r=parseInt(t.value,10))?r=1e3:~~r<200&&(r=200),s.height=r):\"link\"===t.message&&(r=new URL(s.getAttribute(\"src\")),n=new URL(t.value),c.test(n.protocol))&&n.host===r.host&&l.activeElement===s&&(d.top.location.href=t.value))}},d.addEventListener(\"message\",d.wp.receiveEmbedMessage,!1),l.addEventListener(\"DOMContentLoaded\",function(){for(var e,t,s=l.querySelectorAll(\"iframe.wp-embedded-content\"),r=0;r<s.length;r++)(t=(e=s[r]).getAttribute(\"data-secret\"))||(t=Math.random().toString(36).substring(2,12),e.src+=\"#?secret=\"+t,e.setAttribute(\"data-secret\",t)),e.contentWindow.postMessage({message:\"ready\",secret:t},\"*\")},!1)))}(window,document);\n\/\/# sourceURL=https:\/\/fr.motocrossmag.be\/wp-includes\/js\/wp-embed.min.js\n<\/script>\n","thumbnail_url":"https:\/\/fr.motocrossmag.be\/wp-content\/uploads\/2019\/11\/osborne-hva-contract.jpg","thumbnail_width":1000,"thumbnail_height":664,"description":"Zach Osborne n&rsquo;est pas \u00e0 Paris ce week-end comme pr\u00e9vu. Des ennuis de sant\u00e9 ont priv\u00e9 l&rsquo;officiel Husqvarna du rendez-vous parisien. Le pilote US peut cependant se consoler avec la prolongation de son contrat chez Husqvarna. Pass\u00e9 dans la cat\u00e9gorie reine cette saison, Osborne vient en effet de voir sa place assur\u00e9e jusqu&rsquo;\u00e0 la fin [&hellip;]"}

Zach Osborne n&rsquo;est pas à Paris ce week-end comme prévu. Des ennuis de santé ont privé l&rsquo;officiel Husqvarna du rendez-vous parisien. Le pilote US peut cependant se consoler avec la prolongation de son contrat chez Husqvarna. Passé dans la catégorie reine cette saison, Osborne vient en effet de voir sa place assurée jusqu&rsquo;à la fin [&hellip;]
