{"version":"1.0","provider_name":"Motocross - Enduro - Supermoto | MotocrossMag","provider_url":"https:\/\/fr.motocrossmag.be","title":"Tony Bogaert de retour sur le championnat AMPL - Motocross - Enduro - Supermoto | MotocrossMag","type":"rich","width":600,"height":338,"html":"<blockquote class=\"wp-embedded-content\" data-secret=\"yTM8Ej7AMF\"><a href=\"https:\/\/fr.motocrossmag.be\/index.php\/2019\/12\/tony-bogaert-de-retour-sur-le-championnat-ampl\/\">Tony Bogaert de retour sur le championnat AMPL<\/a><\/blockquote><iframe sandbox=\"allow-scripts\" security=\"restricted\" src=\"https:\/\/fr.motocrossmag.be\/index.php\/2019\/12\/tony-bogaert-de-retour-sur-le-championnat-ampl\/embed\/#?secret=yTM8Ej7AMF\" width=\"600\" height=\"338\" title=\"\u00ab\u00a0Tony Bogaert de retour sur le championnat AMPL\u00a0\u00bb &#8212; Motocross - Enduro - Supermoto | MotocrossMag\" data-secret=\"yTM8Ej7AMF\" frameborder=\"0\" marginwidth=\"0\" marginheight=\"0\" scrolling=\"no\" class=\"wp-embedded-content\"><\/iframe><script>\n\/*! This file is auto-generated *\/\n!function(d,l){\"use strict\";l.querySelector&&d.addEventListener&&\"undefined\"!=typeof URL&&(d.wp=d.wp||{},d.wp.receiveEmbedMessage||(d.wp.receiveEmbedMessage=function(e){var t=e.data;if((t||t.secret||t.message||t.value)&&!\/[^a-zA-Z0-9]\/.test(t.secret)){for(var s,r,n,a=l.querySelectorAll('iframe[data-secret=\"'+t.secret+'\"]'),o=l.querySelectorAll('blockquote[data-secret=\"'+t.secret+'\"]'),c=new RegExp(\"^https?:$\",\"i\"),i=0;i<o.length;i++)o[i].style.display=\"none\";for(i=0;i<a.length;i++)s=a[i],e.source===s.contentWindow&&(s.removeAttribute(\"style\"),\"height\"===t.message?(1e3<(r=parseInt(t.value,10))?r=1e3:~~r<200&&(r=200),s.height=r):\"link\"===t.message&&(r=new URL(s.getAttribute(\"src\")),n=new URL(t.value),c.test(n.protocol))&&n.host===r.host&&l.activeElement===s&&(d.top.location.href=t.value))}},d.addEventListener(\"message\",d.wp.receiveEmbedMessage,!1),l.addEventListener(\"DOMContentLoaded\",function(){for(var e,t,s=l.querySelectorAll(\"iframe.wp-embedded-content\"),r=0;r<s.length;r++)(t=(e=s[r]).getAttribute(\"data-secret\"))||(t=Math.random().toString(36).substring(2,12),e.src+=\"#?secret=\"+t,e.setAttribute(\"data-secret\",t)),e.contentWindow.postMessage({message:\"ready\",secret:t},\"*\")},!1)))}(window,document);\n\/\/# sourceURL=https:\/\/fr.motocrossmag.be\/wp-includes\/js\/wp-embed.min.js\n<\/script>\n","thumbnail_url":"https:\/\/fr.motocrossmag.be\/wp-content\/uploads\/2018\/05\/bogaert-tony-podium-winville-ampl.jpg","thumbnail_width":1200,"thumbnail_height":792,"description":"Champion Inters MX1 en 2018, Tony Bogaert n&rsquo;a pas d\u00e9fendu son titre cette ann\u00e9e \u00e0 l&rsquo;AMPL. Mais il sera bel et bien de retour en 2020 derri\u00e8re la grille de d\u00e9part de la f\u00e9d\u00e9ration de la province de Luxembourg. Avec le soutien de Damien Anquety et de Kawasaki Belgique, Bogaert pilotera l&rsquo;an prochain une Kawasaki [&hellip;]"}

Champion Inters MX1 en 2018, Tony Bogaert n&rsquo;a pas défendu son titre cette année à l&rsquo;AMPL. Mais il sera bel et bien de retour en 2020 derrière la grille de départ de la fédération de la province de Luxembourg. Avec le soutien de Damien Anquety et de Kawasaki Belgique, Bogaert pilotera l&rsquo;an prochain une Kawasaki [&hellip;]
