{"version":"1.0","provider_name":"Motocross - Enduro - Supermoto | MotocrossMag","provider_url":"https:\/\/fr.motocrossmag.be","title":"Dakar : Walter Roelants soutient \"To Walk Again\" - Motocross - Enduro - Supermoto | MotocrossMag","type":"rich","width":600,"height":338,"html":"<blockquote class=\"wp-embedded-content\" data-secret=\"DTWln9cEzG\"><a href=\"https:\/\/fr.motocrossmag.be\/index.php\/2020\/12\/dakar-walter-roelants-soutient-to-walk-again\/\">Dakar : Walter Roelants soutient \u00ab\u00a0To Walk Again\u00a0\u00bb<\/a><\/blockquote><iframe sandbox=\"allow-scripts\" security=\"restricted\" src=\"https:\/\/fr.motocrossmag.be\/index.php\/2020\/12\/dakar-walter-roelants-soutient-to-walk-again\/embed\/#?secret=DTWln9cEzG\" width=\"600\" height=\"338\" title=\"\u00ab\u00a0Dakar : Walter Roelants soutient \u00ab\u00a0To Walk Again\u00a0\u00bb\u00a0\u00bb &#8212; Motocross - Enduro - Supermoto | MotocrossMag\" data-secret=\"DTWln9cEzG\" frameborder=\"0\" marginwidth=\"0\" marginheight=\"0\" scrolling=\"no\" class=\"wp-embedded-content\"><\/iframe><script>\n\/*! This file is auto-generated *\/\n!function(d,l){\"use strict\";l.querySelector&&d.addEventListener&&\"undefined\"!=typeof URL&&(d.wp=d.wp||{},d.wp.receiveEmbedMessage||(d.wp.receiveEmbedMessage=function(e){var t=e.data;if((t||t.secret||t.message||t.value)&&!\/[^a-zA-Z0-9]\/.test(t.secret)){for(var s,r,n,a=l.querySelectorAll('iframe[data-secret=\"'+t.secret+'\"]'),o=l.querySelectorAll('blockquote[data-secret=\"'+t.secret+'\"]'),c=new RegExp(\"^https?:$\",\"i\"),i=0;i<o.length;i++)o[i].style.display=\"none\";for(i=0;i<a.length;i++)s=a[i],e.source===s.contentWindow&&(s.removeAttribute(\"style\"),\"height\"===t.message?(1e3<(r=parseInt(t.value,10))?r=1e3:~~r<200&&(r=200),s.height=r):\"link\"===t.message&&(r=new URL(s.getAttribute(\"src\")),n=new URL(t.value),c.test(n.protocol))&&n.host===r.host&&l.activeElement===s&&(d.top.location.href=t.value))}},d.addEventListener(\"message\",d.wp.receiveEmbedMessage,!1),l.addEventListener(\"DOMContentLoaded\",function(){for(var e,t,s=l.querySelectorAll(\"iframe.wp-embedded-content\"),r=0;r<s.length;r++)(t=(e=s[r]).getAttribute(\"data-secret\"))||(t=Math.random().toString(36).substring(2,12),e.src+=\"#?secret=\"+t,e.setAttribute(\"data-secret\",t)),e.contentWindow.postMessage({message:\"ready\",secret:t},\"*\")},!1)))}(window,document);\n\/\/# sourceURL=https:\/\/fr.motocrossmag.be\/wp-includes\/js\/wp-embed.min.js\n<\/script>\n","thumbnail_url":"https:\/\/fr.motocrossmag.be\/wp-content\/uploads\/2020\/12\/walter-joel-roelants.jpg","thumbnail_width":900,"thumbnail_height":518,"description":"Walter Roelants s&rsquo;appr\u00eate \u00e0 disputer son premier Dakar. Un r\u00eave qui devient r\u00e9alit\u00e9 mais aussi un fameux challenge pour ce sexag\u00e9naire qui pourrait devenir le motard belge le plus \u00e2g\u00e9 \u00e0 avoir termin\u00e9 le c\u00e9l\u00e8bre rallye. La passion pour la moto ne s&rsquo;est pas \u00e9teinte pour celui qui sera le seul motard belge engag\u00e9 sur [&hellip;]"}

Walter Roelants s&rsquo;apprête à disputer son premier Dakar. Un rêve qui devient réalité mais aussi un fameux challenge pour ce sexagénaire qui pourrait devenir le motard belge le plus âgé à avoir terminé le célèbre rallye. La passion pour la moto ne s&rsquo;est pas éteinte pour celui qui sera le seul motard belge engagé sur [&hellip;]
