{"version":"1.0","provider_name":"Motocross - Enduro - Supermoto | MotocrossMag","provider_url":"https:\/\/fr.motocrossmag.be","title":"Jago Geerts et Tim Gajser vainqueurs \u00e0 Oss - Motocross - Enduro - Supermoto | MotocrossMag","type":"rich","width":600,"height":338,"html":"<blockquote class=\"wp-embedded-content\" data-secret=\"48F4PQKzlx\"><a href=\"https:\/\/fr.motocrossmag.be\/index.php\/2021\/07\/jago-geerts-et-tim-gajser-vainqueurs-a-oss\/\">Jago Geerts et Tim Gajser vainqueurs \u00e0 Oss<\/a><\/blockquote><iframe sandbox=\"allow-scripts\" security=\"restricted\" src=\"https:\/\/fr.motocrossmag.be\/index.php\/2021\/07\/jago-geerts-et-tim-gajser-vainqueurs-a-oss\/embed\/#?secret=48F4PQKzlx\" width=\"600\" height=\"338\" title=\"\u00ab\u00a0Jago Geerts et Tim Gajser vainqueurs \u00e0 Oss\u00a0\u00bb &#8212; Motocross - Enduro - Supermoto | MotocrossMag\" data-secret=\"48F4PQKzlx\" frameborder=\"0\" marginwidth=\"0\" marginheight=\"0\" scrolling=\"no\" class=\"wp-embedded-content\"><\/iframe><script>\n\/*! This file is auto-generated *\/\n!function(d,l){\"use strict\";l.querySelector&&d.addEventListener&&\"undefined\"!=typeof URL&&(d.wp=d.wp||{},d.wp.receiveEmbedMessage||(d.wp.receiveEmbedMessage=function(e){var t=e.data;if((t||t.secret||t.message||t.value)&&!\/[^a-zA-Z0-9]\/.test(t.secret)){for(var s,r,n,a=l.querySelectorAll('iframe[data-secret=\"'+t.secret+'\"]'),o=l.querySelectorAll('blockquote[data-secret=\"'+t.secret+'\"]'),c=new RegExp(\"^https?:$\",\"i\"),i=0;i<o.length;i++)o[i].style.display=\"none\";for(i=0;i<a.length;i++)s=a[i],e.source===s.contentWindow&&(s.removeAttribute(\"style\"),\"height\"===t.message?(1e3<(r=parseInt(t.value,10))?r=1e3:~~r<200&&(r=200),s.height=r):\"link\"===t.message&&(r=new URL(s.getAttribute(\"src\")),n=new URL(t.value),c.test(n.protocol))&&n.host===r.host&&l.activeElement===s&&(d.top.location.href=t.value))}},d.addEventListener(\"message\",d.wp.receiveEmbedMessage,!1),l.addEventListener(\"DOMContentLoaded\",function(){for(var e,t,s=l.querySelectorAll(\"iframe.wp-embedded-content\"),r=0;r<s.length;r++)(t=(e=s[r]).getAttribute(\"data-secret\"))||(t=Math.random().toString(36).substring(2,12),e.src+=\"#?secret=\"+t,e.setAttribute(\"data-secret\",t)),e.contentWindow.postMessage({message:\"ready\",secret:t},\"*\")},!1)))}(window,document);\n\/\/# sourceURL=https:\/\/fr.motocrossmag.be\/wp-includes\/js\/wp-embed.min.js\n<\/script>\n","thumbnail_url":"https:\/\/fr.motocrossmag.be\/wp-content\/uploads\/2021\/07\/MXGP-geen-logo-NK_01979-1.jpg","thumbnail_width":900,"thumbnail_height":600,"description":"Quel GP \u00e0 Oss ce dimanche ! Dans le sable Hollandais, on a v\u00e9cu la premi\u00e8re victoire cette saison de Jago Geerts en MX2 et le succ\u00e8s de Tim Gajser dans la cat\u00e9gorie reine apr\u00e8s avoir d\u00fb laisser les victoires dans les manches \u00e0 Antonio Cairoli (8+1) et \u00e0 Jeffrey Herlings. Mais le moment phare [&hellip;]"}

Jago Geerts et Tim Gajser vainqueurs à Oss - Motocross - Enduro - Supermoto | MotocrossMag

<blockquote class="wp-embedded-content" data-secret="48F4PQKzlx"><a href="https://fr.motocrossmag.be/index.php/2021/07/jago-geerts-et-tim-gajser-vainqueurs-a-oss/">Jago Geerts et Tim Gajser vainqueurs à Oss</a></blockquote><iframe sandbox="allow-scripts" security="restricted" src="https://fr.motocrossmag.be/index.php/2021/07/jago-geerts-et-tim-gajser-vainqueurs-a-oss/embed/#?secret=48F4PQKzlx" width="600" height="338" title="« Jago Geerts et Tim Gajser vainqueurs à Oss » &#8212; Motocross - Enduro - Supermoto | MotocrossMag" data-secret="48F4PQKzlx" frameborder="0" marginwidth="0" marginheight="0" scrolling="no" class="wp-embedded-content"></iframe><script>
/*! This file is auto-generated */
!function(d,l){"use strict";l.querySelector&&d.addEventListener&&"undefined"!=typeof URL&&(d.wp=d.wp||{},d.wp.receiveEmbedMessage||(d.wp.receiveEmbedMessage=function(e){var t=e.data;if((t||t.secret||t.message||t.value)&&!/[^a-zA-Z0-9]/.test(t.secret)){for(var s,r,n,a=l.querySelectorAll('iframe[data-secret="'+t.secret+'"]'),o=l.querySelectorAll('blockquote[data-secret="'+t.secret+'"]'),c=new RegExp("^https?:$","i"),i=0;i<o.length;i++)o[i].style.display="none";for(i=0;i<a.length;i++)s=a[i],e.source===s.contentWindow&&(s.removeAttribute("style"),"height"===t.message?(1e3<(r=parseInt(t.value,10))?r=1e3:~~r<200&&(r=200),s.height=r):"link"===t.message&&(r=new URL(s.getAttribute("src")),n=new URL(t.value),c.test(n.protocol))&&n.host===r.host&&l.activeElement===s&&(d.top.location.href=t.value))}},d.addEventListener("message",d.wp.receiveEmbedMessage,!1),l.addEventListener("DOMContentLoaded",function(){for(var e,t,s=l.querySelectorAll("iframe.wp-embedded-content"),r=0;r<s.length;r++)(t=(e=s[r]).getAttribute("data-secret"))||(t=Math.random().toString(36).substring(2,12),e.src+="#?secret="+t,e.setAttribute("data-secret",t)),e.contentWindow.postMessage({message:"ready",secret:t},"*")},!1)))}(window,document);
//# sourceURL=https://fr.motocrossmag.be/wp-includes/js/wp-embed.min.js
</script>

Quel GP à Oss ce dimanche ! Dans le sable Hollandais, on a vécu la première victoire cette saison de Jago Geerts en MX2 et le succès de Tim Gajser dans la catégorie reine après avoir dû laisser les victoires dans les manches à Antonio Cairoli (8+1) et à Jeffrey Herlings. Mais le moment phare [&hellip;]
