{"version":"1.0","provider_name":"Motocross - Enduro - Supermoto | MotocrossMag","provider_url":"https:\/\/fr.motocrossmag.be","title":"La FIM perd le contr\u00f4le du Supercross US - Motocross - Enduro - Supermoto | MotocrossMag","type":"rich","width":600,"height":338,"html":"<blockquote class=\"wp-embedded-content\" data-secret=\"nMLvEM9QAb\"><a href=\"https:\/\/fr.motocrossmag.be\/index.php\/2021\/07\/la-fim-perd-le-controle-du-supercross-us\/\">La FIM perd le contr\u00f4le du Supercross US<\/a><\/blockquote><iframe sandbox=\"allow-scripts\" security=\"restricted\" src=\"https:\/\/fr.motocrossmag.be\/index.php\/2021\/07\/la-fim-perd-le-controle-du-supercross-us\/embed\/#?secret=nMLvEM9QAb\" width=\"600\" height=\"338\" title=\"\u00ab\u00a0La FIM perd le contr\u00f4le du Supercross US\u00a0\u00bb &#8212; Motocross - Enduro - Supermoto | MotocrossMag\" data-secret=\"nMLvEM9QAb\" frameborder=\"0\" marginwidth=\"0\" marginheight=\"0\" scrolling=\"no\" class=\"wp-embedded-content\"><\/iframe><script>\n\/*! This file is auto-generated *\/\n!function(d,l){\"use strict\";l.querySelector&&d.addEventListener&&\"undefined\"!=typeof URL&&(d.wp=d.wp||{},d.wp.receiveEmbedMessage||(d.wp.receiveEmbedMessage=function(e){var t=e.data;if((t||t.secret||t.message||t.value)&&!\/[^a-zA-Z0-9]\/.test(t.secret)){for(var s,r,n,a=l.querySelectorAll('iframe[data-secret=\"'+t.secret+'\"]'),o=l.querySelectorAll('blockquote[data-secret=\"'+t.secret+'\"]'),c=new RegExp(\"^https?:$\",\"i\"),i=0;i<o.length;i++)o[i].style.display=\"none\";for(i=0;i<a.length;i++)s=a[i],e.source===s.contentWindow&&(s.removeAttribute(\"style\"),\"height\"===t.message?(1e3<(r=parseInt(t.value,10))?r=1e3:~~r<200&&(r=200),s.height=r):\"link\"===t.message&&(r=new URL(s.getAttribute(\"src\")),n=new URL(t.value),c.test(n.protocol))&&n.host===r.host&&l.activeElement===s&&(d.top.location.href=t.value))}},d.addEventListener(\"message\",d.wp.receiveEmbedMessage,!1),l.addEventListener(\"DOMContentLoaded\",function(){for(var e,t,s=l.querySelectorAll(\"iframe.wp-embedded-content\"),r=0;r<s.length;r++)(t=(e=s[r]).getAttribute(\"data-secret\"))||(t=Math.random().toString(36).substring(2,12),e.src+=\"#?secret=\"+t,e.setAttribute(\"data-secret\",t)),e.contentWindow.postMessage({message:\"ready\",secret:t},\"*\")},!1)))}(window,document);\n\/\/# sourceURL=https:\/\/fr.motocrossmag.be\/wp-includes\/js\/wp-embed.min.js\n<\/script>\n","thumbnail_url":"https:\/\/fr.motocrossmag.be\/wp-content\/uploads\/2021\/03\/daytona-start-manche-supercross.jpg","thumbnail_width":800,"thumbnail_height":533,"description":"A la suite d&rsquo;un accord vieux d&rsquo;il y a une vingtaine d&rsquo;ann\u00e9es, le championnat de Supercross US \u00e9tait organis\u00e9 conjointement sous l&rsquo;\u00e9gide de la f\u00e9d\u00e9ration am\u00e9ricaine et de la FIM, conf\u00e9rant par l\u00e0 \u00e0 la plus prestigieuse s\u00e9rie de Supercross le statut de championnat du monde. Ce ne sera plus le cas d\u00e8s la saison [&hellip;]"}

La FIM perd le contrôle du Supercross US - Motocross - Enduro - Supermoto | MotocrossMag

<blockquote class="wp-embedded-content" data-secret="nMLvEM9QAb"><a href="https://fr.motocrossmag.be/index.php/2021/07/la-fim-perd-le-controle-du-supercross-us/">La FIM perd le contrôle du Supercross US</a></blockquote><iframe sandbox="allow-scripts" security="restricted" src="https://fr.motocrossmag.be/index.php/2021/07/la-fim-perd-le-controle-du-supercross-us/embed/#?secret=nMLvEM9QAb" width="600" height="338" title="« La FIM perd le contrôle du Supercross US » &#8212; Motocross - Enduro - Supermoto | MotocrossMag" data-secret="nMLvEM9QAb" frameborder="0" marginwidth="0" marginheight="0" scrolling="no" class="wp-embedded-content"></iframe><script>
/*! This file is auto-generated */
!function(d,l){"use strict";l.querySelector&&d.addEventListener&&"undefined"!=typeof URL&&(d.wp=d.wp||{},d.wp.receiveEmbedMessage||(d.wp.receiveEmbedMessage=function(e){var t=e.data;if((t||t.secret||t.message||t.value)&&!/[^a-zA-Z0-9]/.test(t.secret)){for(var s,r,n,a=l.querySelectorAll('iframe[data-secret="'+t.secret+'"]'),o=l.querySelectorAll('blockquote[data-secret="'+t.secret+'"]'),c=new RegExp("^https?:$","i"),i=0;i<o.length;i++)o[i].style.display="none";for(i=0;i<a.length;i++)s=a[i],e.source===s.contentWindow&&(s.removeAttribute("style"),"height"===t.message?(1e3<(r=parseInt(t.value,10))?r=1e3:~~r<200&&(r=200),s.height=r):"link"===t.message&&(r=new URL(s.getAttribute("src")),n=new URL(t.value),c.test(n.protocol))&&n.host===r.host&&l.activeElement===s&&(d.top.location.href=t.value))}},d.addEventListener("message",d.wp.receiveEmbedMessage,!1),l.addEventListener("DOMContentLoaded",function(){for(var e,t,s=l.querySelectorAll("iframe.wp-embedded-content"),r=0;r<s.length;r++)(t=(e=s[r]).getAttribute("data-secret"))||(t=Math.random().toString(36).substring(2,12),e.src+="#?secret="+t,e.setAttribute("data-secret",t)),e.contentWindow.postMessage({message:"ready",secret:t},"*")},!1)))}(window,document);
//# sourceURL=https://fr.motocrossmag.be/wp-includes/js/wp-embed.min.js
</script>

A la suite d&rsquo;un accord vieux d&rsquo;il y a une vingtaine d&rsquo;années, le championnat de Supercross US était organisé conjointement sous l&rsquo;égide de la fédération américaine et de la FIM, conférant par là à la plus prestigieuse série de Supercross le statut de championnat du monde. Ce ne sera plus le cas dès la saison [&hellip;]
