{"version":"1.0","provider_name":"Motocross - Enduro - Supermoto | MotocrossMag","provider_url":"https:\/\/fr.motocrossmag.be","title":"Modifications au calendrier AMPL - Motocross - Enduro - Supermoto | MotocrossMag","type":"rich","width":600,"height":338,"html":"<blockquote class=\"wp-embedded-content\" data-secret=\"kSK5y2Z2gn\"><a href=\"https:\/\/fr.motocrossmag.be\/index.php\/2021\/08\/modifications-au-calendrier-ampl\/\">Modifications au calendrier AMPL<\/a><\/blockquote><iframe sandbox=\"allow-scripts\" security=\"restricted\" src=\"https:\/\/fr.motocrossmag.be\/index.php\/2021\/08\/modifications-au-calendrier-ampl\/embed\/#?secret=kSK5y2Z2gn\" width=\"600\" height=\"338\" title=\"\u00ab\u00a0Modifications au calendrier AMPL\u00a0\u00bb &#8212; Motocross - Enduro - Supermoto | MotocrossMag\" data-secret=\"kSK5y2Z2gn\" frameborder=\"0\" marginwidth=\"0\" marginheight=\"0\" scrolling=\"no\" class=\"wp-embedded-content\"><\/iframe><script>\n\/*! This file is auto-generated *\/\n!function(d,l){\"use strict\";l.querySelector&&d.addEventListener&&\"undefined\"!=typeof URL&&(d.wp=d.wp||{},d.wp.receiveEmbedMessage||(d.wp.receiveEmbedMessage=function(e){var t=e.data;if((t||t.secret||t.message||t.value)&&!\/[^a-zA-Z0-9]\/.test(t.secret)){for(var s,r,n,a=l.querySelectorAll('iframe[data-secret=\"'+t.secret+'\"]'),o=l.querySelectorAll('blockquote[data-secret=\"'+t.secret+'\"]'),c=new RegExp(\"^https?:$\",\"i\"),i=0;i<o.length;i++)o[i].style.display=\"none\";for(i=0;i<a.length;i++)s=a[i],e.source===s.contentWindow&&(s.removeAttribute(\"style\"),\"height\"===t.message?(1e3<(r=parseInt(t.value,10))?r=1e3:~~r<200&&(r=200),s.height=r):\"link\"===t.message&&(r=new URL(s.getAttribute(\"src\")),n=new URL(t.value),c.test(n.protocol))&&n.host===r.host&&l.activeElement===s&&(d.top.location.href=t.value))}},d.addEventListener(\"message\",d.wp.receiveEmbedMessage,!1),l.addEventListener(\"DOMContentLoaded\",function(){for(var e,t,s=l.querySelectorAll(\"iframe.wp-embedded-content\"),r=0;r<s.length;r++)(t=(e=s[r]).getAttribute(\"data-secret\"))||(t=Math.random().toString(36).substring(2,12),e.src+=\"#?secret=\"+t,e.setAttribute(\"data-secret\",t)),e.contentWindow.postMessage({message:\"ready\",secret:t},\"*\")},!1)))}(window,document);\n\/\/# sourceURL=https:\/\/fr.motocrossmag.be\/wp-includes\/js\/wp-embed.min.js\n<\/script>\n","thumbnail_url":"https:\/\/fr.motocrossmag.be\/wp-content\/uploads\/2019\/05\/AMPL-Cherain-Img_1773.jpg","thumbnail_width":900,"thumbnail_height":600,"description":"Le calendrier AMPL 2021 vient de subir quelques modifications. Il n&rsquo;y aura finalement pas de motocross sur le circuit de Grandvoir les 11 et 12 septembre, le club pr\u00e9f\u00e9rant renoncer \u00e0 son organisation. Par contre, le motocross de M\u00e9an pr\u00e9vu initialement le dimanche 19 septembre est avanc\u00e9 d&rsquo;une semaine et r\u00e9cup\u00e8re donc les dates laiss\u00e9es [&hellip;]"}

Le calendrier AMPL 2021 vient de subir quelques modifications. Il n&rsquo;y aura finalement pas de motocross sur le circuit de Grandvoir les 11 et 12 septembre, le club préférant renoncer à son organisation. Par contre, le motocross de Méan prévu initialement le dimanche 19 septembre est avancé d&rsquo;une semaine et récupère donc les dates laissées [&hellip;]
