{"version":"1.0","provider_name":"Motocross - Enduro - Supermoto | MotocrossMag","provider_url":"https:\/\/fr.motocrossmag.be","title":"Finale de la saison AMPL r\u00e9ussie \u00e0 Falmignoul - Motocross - Enduro - Supermoto | MotocrossMag","type":"rich","width":600,"height":338,"html":"<blockquote class=\"wp-embedded-content\" data-secret=\"ERB5OpCA6c\"><a href=\"https:\/\/fr.motocrossmag.be\/index.php\/2021\/10\/finale-de-la-saison-ampl-reussie-a-falmignoul\/\">Finale de la saison AMPL r\u00e9ussie \u00e0 Falmignoul<\/a><\/blockquote><iframe sandbox=\"allow-scripts\" security=\"restricted\" src=\"https:\/\/fr.motocrossmag.be\/index.php\/2021\/10\/finale-de-la-saison-ampl-reussie-a-falmignoul\/embed\/#?secret=ERB5OpCA6c\" width=\"600\" height=\"338\" title=\"\u00ab\u00a0Finale de la saison AMPL r\u00e9ussie \u00e0 Falmignoul\u00a0\u00bb &#8212; Motocross - Enduro - Supermoto | MotocrossMag\" data-secret=\"ERB5OpCA6c\" frameborder=\"0\" marginwidth=\"0\" marginheight=\"0\" scrolling=\"no\" class=\"wp-embedded-content\"><\/iframe><script>\n\/*! This file is auto-generated *\/\n!function(d,l){\"use strict\";l.querySelector&&d.addEventListener&&\"undefined\"!=typeof URL&&(d.wp=d.wp||{},d.wp.receiveEmbedMessage||(d.wp.receiveEmbedMessage=function(e){var t=e.data;if((t||t.secret||t.message||t.value)&&!\/[^a-zA-Z0-9]\/.test(t.secret)){for(var s,r,n,a=l.querySelectorAll('iframe[data-secret=\"'+t.secret+'\"]'),o=l.querySelectorAll('blockquote[data-secret=\"'+t.secret+'\"]'),c=new RegExp(\"^https?:$\",\"i\"),i=0;i<o.length;i++)o[i].style.display=\"none\";for(i=0;i<a.length;i++)s=a[i],e.source===s.contentWindow&&(s.removeAttribute(\"style\"),\"height\"===t.message?(1e3<(r=parseInt(t.value,10))?r=1e3:~~r<200&&(r=200),s.height=r):\"link\"===t.message&&(r=new URL(s.getAttribute(\"src\")),n=new URL(t.value),c.test(n.protocol))&&n.host===r.host&&l.activeElement===s&&(d.top.location.href=t.value))}},d.addEventListener(\"message\",d.wp.receiveEmbedMessage,!1),l.addEventListener(\"DOMContentLoaded\",function(){for(var e,t,s=l.querySelectorAll(\"iframe.wp-embedded-content\"),r=0;r<s.length;r++)(t=(e=s[r]).getAttribute(\"data-secret\"))||(t=Math.random().toString(36).substring(2,12),e.src+=\"#?secret=\"+t,e.setAttribute(\"data-secret\",t)),e.contentWindow.postMessage({message:\"ready\",secret:t},\"*\")},!1)))}(window,document);\n\/\/# sourceURL=https:\/\/fr.motocrossmag.be\/wp-includes\/js\/wp-embed.min.js\n<\/script>\n","thumbnail_url":"https:\/\/fr.motocrossmag.be\/wp-content\/uploads\/2021\/10\/falmignoul-ampl.jpg","thumbnail_width":1000,"thumbnail_height":743,"description":"Thierry Bolland et son \u00e9quipe ont \u00e9t\u00e9 r\u00e9compens\u00e9s de leurs efforts ce dimanche, leur premi\u00e8re organisation \u00e0 Falmignoul, sur les hauteurs de Dinant, ayant \u00e9t\u00e9 un succ\u00e8s. Sous un soleil g\u00e9n\u00e9reux pour la mi-octobre, ce sont en effet quelque 400 pilotes qui ont pu d\u00e9couvrir ce nouveau circuit qui faisait cette ann\u00e9e son entr\u00e9e au [&hellip;]"}

Finale de la saison AMPL réussie à Falmignoul - Motocross - Enduro - Supermoto | MotocrossMag

<blockquote class="wp-embedded-content" data-secret="ERB5OpCA6c"><a href="https://fr.motocrossmag.be/index.php/2021/10/finale-de-la-saison-ampl-reussie-a-falmignoul/">Finale de la saison AMPL réussie à Falmignoul</a></blockquote><iframe sandbox="allow-scripts" security="restricted" src="https://fr.motocrossmag.be/index.php/2021/10/finale-de-la-saison-ampl-reussie-a-falmignoul/embed/#?secret=ERB5OpCA6c" width="600" height="338" title="« Finale de la saison AMPL réussie à Falmignoul » &#8212; Motocross - Enduro - Supermoto | MotocrossMag" data-secret="ERB5OpCA6c" frameborder="0" marginwidth="0" marginheight="0" scrolling="no" class="wp-embedded-content"></iframe><script>
/*! This file is auto-generated */
!function(d,l){"use strict";l.querySelector&&d.addEventListener&&"undefined"!=typeof URL&&(d.wp=d.wp||{},d.wp.receiveEmbedMessage||(d.wp.receiveEmbedMessage=function(e){var t=e.data;if((t||t.secret||t.message||t.value)&&!/[^a-zA-Z0-9]/.test(t.secret)){for(var s,r,n,a=l.querySelectorAll('iframe[data-secret="'+t.secret+'"]'),o=l.querySelectorAll('blockquote[data-secret="'+t.secret+'"]'),c=new RegExp("^https?:$","i"),i=0;i<o.length;i++)o[i].style.display="none";for(i=0;i<a.length;i++)s=a[i],e.source===s.contentWindow&&(s.removeAttribute("style"),"height"===t.message?(1e3<(r=parseInt(t.value,10))?r=1e3:~~r<200&&(r=200),s.height=r):"link"===t.message&&(r=new URL(s.getAttribute("src")),n=new URL(t.value),c.test(n.protocol))&&n.host===r.host&&l.activeElement===s&&(d.top.location.href=t.value))}},d.addEventListener("message",d.wp.receiveEmbedMessage,!1),l.addEventListener("DOMContentLoaded",function(){for(var e,t,s=l.querySelectorAll("iframe.wp-embedded-content"),r=0;r<s.length;r++)(t=(e=s[r]).getAttribute("data-secret"))||(t=Math.random().toString(36).substring(2,12),e.src+="#?secret="+t,e.setAttribute("data-secret",t)),e.contentWindow.postMessage({message:"ready",secret:t},"*")},!1)))}(window,document);
//# sourceURL=https://fr.motocrossmag.be/wp-includes/js/wp-embed.min.js
</script>

Thierry Bolland et son équipe ont été récompensés de leurs efforts ce dimanche, leur première organisation à Falmignoul, sur les hauteurs de Dinant, ayant été un succès. Sous un soleil généreux pour la mi-octobre, ce sont en effet quelque 400 pilotes qui ont pu découvrir ce nouveau circuit qui faisait cette année son entrée au [&hellip;]
