{"version":"1.0","provider_name":"Motocross - Enduro - Supermoto | MotocrossMag","provider_url":"https:\/\/fr.motocrossmag.be","title":"Jeffrey Herlings regarde d\u00e9j\u00e0 vers 2023 - Motocross - Enduro - Supermoto | MotocrossMag","type":"rich","width":600,"height":338,"html":"<blockquote class=\"wp-embedded-content\" data-secret=\"waTCWUrcKR\"><a href=\"https:\/\/fr.motocrossmag.be\/index.php\/2022\/05\/jeffrey-herlings-regarde-deja-vers-2023\/\">Jeffrey Herlings regarde d\u00e9j\u00e0 vers 2023<\/a><\/blockquote><iframe sandbox=\"allow-scripts\" security=\"restricted\" src=\"https:\/\/fr.motocrossmag.be\/index.php\/2022\/05\/jeffrey-herlings-regarde-deja-vers-2023\/embed\/#?secret=waTCWUrcKR\" width=\"600\" height=\"338\" title=\"\u00ab\u00a0Jeffrey Herlings regarde d\u00e9j\u00e0 vers 2023\u00a0\u00bb &#8212; Motocross - Enduro - Supermoto | MotocrossMag\" data-secret=\"waTCWUrcKR\" frameborder=\"0\" marginwidth=\"0\" marginheight=\"0\" scrolling=\"no\" class=\"wp-embedded-content\"><\/iframe><script>\n\/*! This file is auto-generated *\/\n!function(d,l){\"use strict\";l.querySelector&&d.addEventListener&&\"undefined\"!=typeof URL&&(d.wp=d.wp||{},d.wp.receiveEmbedMessage||(d.wp.receiveEmbedMessage=function(e){var t=e.data;if((t||t.secret||t.message||t.value)&&!\/[^a-zA-Z0-9]\/.test(t.secret)){for(var s,r,n,a=l.querySelectorAll('iframe[data-secret=\"'+t.secret+'\"]'),o=l.querySelectorAll('blockquote[data-secret=\"'+t.secret+'\"]'),c=new RegExp(\"^https?:$\",\"i\"),i=0;i<o.length;i++)o[i].style.display=\"none\";for(i=0;i<a.length;i++)s=a[i],e.source===s.contentWindow&&(s.removeAttribute(\"style\"),\"height\"===t.message?(1e3<(r=parseInt(t.value,10))?r=1e3:~~r<200&&(r=200),s.height=r):\"link\"===t.message&&(r=new URL(s.getAttribute(\"src\")),n=new URL(t.value),c.test(n.protocol))&&n.host===r.host&&l.activeElement===s&&(d.top.location.href=t.value))}},d.addEventListener(\"message\",d.wp.receiveEmbedMessage,!1),l.addEventListener(\"DOMContentLoaded\",function(){for(var e,t,s=l.querySelectorAll(\"iframe.wp-embedded-content\"),r=0;r<s.length;r++)(t=(e=s[r]).getAttribute(\"data-secret\"))||(t=Math.random().toString(36).substring(2,12),e.src+=\"#?secret=\"+t,e.setAttribute(\"data-secret\",t)),e.contentWindow.postMessage({message:\"ready\",secret:t},\"*\")},!1)))}(window,document);\n\/\/# sourceURL=https:\/\/fr.motocrossmag.be\/wp-includes\/js\/wp-embed.min.js\n<\/script>\n","thumbnail_url":"https:\/\/fr.motocrossmag.be\/wp-content\/uploads\/2020\/05\/herlings-jeffrey.jpg","thumbnail_width":1000,"thumbnail_height":666,"description":"Cela semblait de plus en plus \u00e9vident. C&rsquo;est aujourd&rsquo;hui confirm\u00e9 par KTM. Il faudra attendre la saison 2023 pour revoir en action Jeffrey Herlings. Le Hollandais r\u00e9cup\u00e8re difficilement de la blessure encourue cet hiver. Il doit encore subir deux interventions avant de reprendre sa pr\u00e9paration. On esp\u00e9rait le voir reprendre la saison MXGP en cours [&hellip;]"}

Jeffrey Herlings regarde déjà vers 2023 - Motocross - Enduro - Supermoto | MotocrossMag

<blockquote class="wp-embedded-content" data-secret="waTCWUrcKR"><a href="https://fr.motocrossmag.be/index.php/2022/05/jeffrey-herlings-regarde-deja-vers-2023/">Jeffrey Herlings regarde déjà vers 2023</a></blockquote><iframe sandbox="allow-scripts" security="restricted" src="https://fr.motocrossmag.be/index.php/2022/05/jeffrey-herlings-regarde-deja-vers-2023/embed/#?secret=waTCWUrcKR" width="600" height="338" title="« Jeffrey Herlings regarde déjà vers 2023 » &#8212; Motocross - Enduro - Supermoto | MotocrossMag" data-secret="waTCWUrcKR" frameborder="0" marginwidth="0" marginheight="0" scrolling="no" class="wp-embedded-content"></iframe><script>
/*! This file is auto-generated */
!function(d,l){"use strict";l.querySelector&&d.addEventListener&&"undefined"!=typeof URL&&(d.wp=d.wp||{},d.wp.receiveEmbedMessage||(d.wp.receiveEmbedMessage=function(e){var t=e.data;if((t||t.secret||t.message||t.value)&&!/[^a-zA-Z0-9]/.test(t.secret)){for(var s,r,n,a=l.querySelectorAll('iframe[data-secret="'+t.secret+'"]'),o=l.querySelectorAll('blockquote[data-secret="'+t.secret+'"]'),c=new RegExp("^https?:$","i"),i=0;i<o.length;i++)o[i].style.display="none";for(i=0;i<a.length;i++)s=a[i],e.source===s.contentWindow&&(s.removeAttribute("style"),"height"===t.message?(1e3<(r=parseInt(t.value,10))?r=1e3:~~r<200&&(r=200),s.height=r):"link"===t.message&&(r=new URL(s.getAttribute("src")),n=new URL(t.value),c.test(n.protocol))&&n.host===r.host&&l.activeElement===s&&(d.top.location.href=t.value))}},d.addEventListener("message",d.wp.receiveEmbedMessage,!1),l.addEventListener("DOMContentLoaded",function(){for(var e,t,s=l.querySelectorAll("iframe.wp-embedded-content"),r=0;r<s.length;r++)(t=(e=s[r]).getAttribute("data-secret"))||(t=Math.random().toString(36).substring(2,12),e.src+="#?secret="+t,e.setAttribute("data-secret",t)),e.contentWindow.postMessage({message:"ready",secret:t},"*")},!1)))}(window,document);
//# sourceURL=https://fr.motocrossmag.be/wp-includes/js/wp-embed.min.js
</script>

Cela semblait de plus en plus évident. C&rsquo;est aujourd&rsquo;hui confirmé par KTM. Il faudra attendre la saison 2023 pour revoir en action Jeffrey Herlings. Le Hollandais récupère difficilement de la blessure encourue cet hiver. Il doit encore subir deux interventions avant de reprendre sa préparation. On espérait le voir reprendre la saison MXGP en cours [&hellip;]
