{"version":"1.0","provider_name":"Motocross - Enduro - Supermoto | MotocrossMag","provider_url":"https:\/\/fr.motocrossmag.be","title":"Sacha Coenen rejoint le team officiel KTM - Motocross - Enduro - Supermoto | MotocrossMag","type":"rich","width":600,"height":338,"html":"<blockquote class=\"wp-embedded-content\" data-secret=\"gchw6EOkN7\"><a href=\"https:\/\/fr.motocrossmag.be\/index.php\/2022\/10\/sacha-coenen-rejoint-le-team-officiel-ktm\/\">Sacha Coenen rejoint le team officiel KTM<\/a><\/blockquote><iframe sandbox=\"allow-scripts\" security=\"restricted\" src=\"https:\/\/fr.motocrossmag.be\/index.php\/2022\/10\/sacha-coenen-rejoint-le-team-officiel-ktm\/embed\/#?secret=gchw6EOkN7\" width=\"600\" height=\"338\" title=\"\u00ab\u00a0Sacha Coenen rejoint le team officiel KTM\u00a0\u00bb &#8212; Motocross - Enduro - Supermoto | MotocrossMag\" data-secret=\"gchw6EOkN7\" frameborder=\"0\" marginwidth=\"0\" marginheight=\"0\" scrolling=\"no\" class=\"wp-embedded-content\"><\/iframe><script>\n\/*! This file is auto-generated *\/\n!function(d,l){\"use strict\";l.querySelector&&d.addEventListener&&\"undefined\"!=typeof URL&&(d.wp=d.wp||{},d.wp.receiveEmbedMessage||(d.wp.receiveEmbedMessage=function(e){var t=e.data;if((t||t.secret||t.message||t.value)&&!\/[^a-zA-Z0-9]\/.test(t.secret)){for(var s,r,n,a=l.querySelectorAll('iframe[data-secret=\"'+t.secret+'\"]'),o=l.querySelectorAll('blockquote[data-secret=\"'+t.secret+'\"]'),c=new RegExp(\"^https?:$\",\"i\"),i=0;i<o.length;i++)o[i].style.display=\"none\";for(i=0;i<a.length;i++)s=a[i],e.source===s.contentWindow&&(s.removeAttribute(\"style\"),\"height\"===t.message?(1e3<(r=parseInt(t.value,10))?r=1e3:~~r<200&&(r=200),s.height=r):\"link\"===t.message&&(r=new URL(s.getAttribute(\"src\")),n=new URL(t.value),c.test(n.protocol))&&n.host===r.host&&l.activeElement===s&&(d.top.location.href=t.value))}},d.addEventListener(\"message\",d.wp.receiveEmbedMessage,!1),l.addEventListener(\"DOMContentLoaded\",function(){for(var e,t,s=l.querySelectorAll(\"iframe.wp-embedded-content\"),r=0;r<s.length;r++)(t=(e=s[r]).getAttribute(\"data-secret\"))||(t=Math.random().toString(36).substring(2,12),e.src+=\"#?secret=\"+t,e.setAttribute(\"data-secret\",t)),e.contentWindow.postMessage({message:\"ready\",secret:t},\"*\")},!1)))}(window,document);\n\/\/# sourceURL=https:\/\/fr.motocrossmag.be\/wp-includes\/js\/wp-embed.min.js\n<\/script>\n","thumbnail_url":"https:\/\/fr.motocrossmag.be\/wp-content\/uploads\/2022\/10\/Sacha-Coenen-2023-Red-Bull-KTM.jpg","thumbnail_width":"1000","thumbnail_height":"666","description":"KTM a annonc\u00e9 ce jeudi avoir sign\u00e9 avec Sacha Coenen un contrat qui court sur plusieurs saisons. Une excellente nouvelle pour notre compatriote qui rejoint ainsi une structure de premier plan pour ce qui sera sa premi\u00e8re saison compl\u00e8te sur le mondial MX2 en 2023. Le Bruxellois qui f\u00eatera la semaine prochaine ses 16 ans [&hellip;]"}

KTM a annoncé ce jeudi avoir signé avec Sacha Coenen un contrat qui court sur plusieurs saisons. Une excellente nouvelle pour notre compatriote qui rejoint ainsi une structure de premier plan pour ce qui sera sa première saison complète sur le mondial MX2 en 2023. Le Bruxellois qui fêtera la semaine prochaine ses 16 ans [&hellip;]
