{"version":"1.0","provider_name":"Motocross - Enduro - Supermoto | MotocrossMag","provider_url":"https:\/\/fr.motocrossmag.be","title":"Romain Lissens : \"2023 sera une ann\u00e9e de transition\" - Motocross - Enduro - Supermoto | MotocrossMag","type":"rich","width":600,"height":338,"html":"<blockquote class=\"wp-embedded-content\" data-secret=\"mtme8AbtDN\"><a href=\"https:\/\/fr.motocrossmag.be\/index.php\/2023\/03\/romain-lissens-2023-sera-une-annee-de-transition\/\">Romain Lissens : \u00ab\u00a02023 sera une ann\u00e9e de transition\u00a0\u00bb<\/a><\/blockquote><iframe sandbox=\"allow-scripts\" security=\"restricted\" src=\"https:\/\/fr.motocrossmag.be\/index.php\/2023\/03\/romain-lissens-2023-sera-une-annee-de-transition\/embed\/#?secret=mtme8AbtDN\" width=\"600\" height=\"338\" title=\"\u00ab\u00a0Romain Lissens : \u00ab\u00a02023 sera une ann\u00e9e de transition\u00a0\u00bb\u00a0\u00bb &#8212; Motocross - Enduro - Supermoto | MotocrossMag\" data-secret=\"mtme8AbtDN\" frameborder=\"0\" marginwidth=\"0\" marginheight=\"0\" scrolling=\"no\" class=\"wp-embedded-content\"><\/iframe><script>\n\/*! This file is auto-generated *\/\n!function(d,l){\"use strict\";l.querySelector&&d.addEventListener&&\"undefined\"!=typeof URL&&(d.wp=d.wp||{},d.wp.receiveEmbedMessage||(d.wp.receiveEmbedMessage=function(e){var t=e.data;if((t||t.secret||t.message||t.value)&&!\/[^a-zA-Z0-9]\/.test(t.secret)){for(var s,r,n,a=l.querySelectorAll('iframe[data-secret=\"'+t.secret+'\"]'),o=l.querySelectorAll('blockquote[data-secret=\"'+t.secret+'\"]'),c=new RegExp(\"^https?:$\",\"i\"),i=0;i<o.length;i++)o[i].style.display=\"none\";for(i=0;i<a.length;i++)s=a[i],e.source===s.contentWindow&&(s.removeAttribute(\"style\"),\"height\"===t.message?(1e3<(r=parseInt(t.value,10))?r=1e3:~~r<200&&(r=200),s.height=r):\"link\"===t.message&&(r=new URL(s.getAttribute(\"src\")),n=new URL(t.value),c.test(n.protocol))&&n.host===r.host&&l.activeElement===s&&(d.top.location.href=t.value))}},d.addEventListener(\"message\",d.wp.receiveEmbedMessage,!1),l.addEventListener(\"DOMContentLoaded\",function(){for(var e,t,s=l.querySelectorAll(\"iframe.wp-embedded-content\"),r=0;r<s.length;r++)(t=(e=s[r]).getAttribute(\"data-secret\"))||(t=Math.random().toString(36).substring(2,12),e.src+=\"#?secret=\"+t,e.setAttribute(\"data-secret\",t)),e.contentWindow.postMessage({message:\"ready\",secret:t},\"*\")},!1)))}(window,document);\n\/\/# sourceURL=https:\/\/fr.motocrossmag.be\/wp-includes\/js\/wp-embed.min.js\n<\/script>\n","thumbnail_url":"https:\/\/fr.motocrossmag.be\/wp-content\/uploads\/2023\/02\/IMG_0326.jpg","thumbnail_width":"1000","thumbnail_height":"759","description":"Romain Lissens a de l&rsquo;ambition. Apr\u00e8s avoir termin\u00e9 sur le podium du championnat Espoirs de l&rsquo;AMPL l&rsquo;an dernier, l&rsquo;Andennais, 18 ans, voit la saison 2023 comme une saison de transition. Une ann\u00e9e durant laquelle il entend prendre ses marques au guidon de sa GasGas 250 mais aussi se pr\u00e9parer \u00e0 de premi\u00e8res exp\u00e9riences internationales. \u00ab\u00a0Cette [&hellip;]"}

Romain Lissens : "2023 sera une année de transition" - Motocross - Enduro - Supermoto | MotocrossMag

<blockquote class="wp-embedded-content" data-secret="mtme8AbtDN"><a href="https://fr.motocrossmag.be/index.php/2023/03/romain-lissens-2023-sera-une-annee-de-transition/">Romain Lissens : « 2023 sera une année de transition »</a></blockquote><iframe sandbox="allow-scripts" security="restricted" src="https://fr.motocrossmag.be/index.php/2023/03/romain-lissens-2023-sera-une-annee-de-transition/embed/#?secret=mtme8AbtDN" width="600" height="338" title="« Romain Lissens : « 2023 sera une année de transition » » &#8212; Motocross - Enduro - Supermoto | MotocrossMag" data-secret="mtme8AbtDN" frameborder="0" marginwidth="0" marginheight="0" scrolling="no" class="wp-embedded-content"></iframe><script>
/*! This file is auto-generated */
!function(d,l){"use strict";l.querySelector&&d.addEventListener&&"undefined"!=typeof URL&&(d.wp=d.wp||{},d.wp.receiveEmbedMessage||(d.wp.receiveEmbedMessage=function(e){var t=e.data;if((t||t.secret||t.message||t.value)&&!/[^a-zA-Z0-9]/.test(t.secret)){for(var s,r,n,a=l.querySelectorAll('iframe[data-secret="'+t.secret+'"]'),o=l.querySelectorAll('blockquote[data-secret="'+t.secret+'"]'),c=new RegExp("^https?:$","i"),i=0;i<o.length;i++)o[i].style.display="none";for(i=0;i<a.length;i++)s=a[i],e.source===s.contentWindow&&(s.removeAttribute("style"),"height"===t.message?(1e3<(r=parseInt(t.value,10))?r=1e3:~~r<200&&(r=200),s.height=r):"link"===t.message&&(r=new URL(s.getAttribute("src")),n=new URL(t.value),c.test(n.protocol))&&n.host===r.host&&l.activeElement===s&&(d.top.location.href=t.value))}},d.addEventListener("message",d.wp.receiveEmbedMessage,!1),l.addEventListener("DOMContentLoaded",function(){for(var e,t,s=l.querySelectorAll("iframe.wp-embedded-content"),r=0;r<s.length;r++)(t=(e=s[r]).getAttribute("data-secret"))||(t=Math.random().toString(36).substring(2,12),e.src+="#?secret="+t,e.setAttribute("data-secret",t)),e.contentWindow.postMessage({message:"ready",secret:t},"*")},!1)))}(window,document);
//# sourceURL=https://fr.motocrossmag.be/wp-includes/js/wp-embed.min.js
</script>

Romain Lissens a de l&rsquo;ambition. Après avoir terminé sur le podium du championnat Espoirs de l&rsquo;AMPL l&rsquo;an dernier, l&rsquo;Andennais, 18 ans, voit la saison 2023 comme une saison de transition. Une année durant laquelle il entend prendre ses marques au guidon de sa GasGas 250 mais aussi se préparer à de premières expériences internationales. « Cette [&hellip;]
