{"version":"1.0","provider_name":"Motocross - Enduro - Supermoto | MotocrossMag","provider_url":"https:\/\/fr.motocrossmag.be","title":"EMX125 : Mathis Valin ouvre le bal ! - Motocross - Enduro - Supermoto | MotocrossMag","type":"rich","width":600,"height":338,"html":"<blockquote class=\"wp-embedded-content\" data-secret=\"GEBBRrhVm6\"><a href=\"https:\/\/fr.motocrossmag.be\/index.php\/2023\/04\/emx125-mathis-valin-ouvre-le-bal\/\">EMX125 : Mathis Valin ouvre le bal !<\/a><\/blockquote><iframe sandbox=\"allow-scripts\" security=\"restricted\" src=\"https:\/\/fr.motocrossmag.be\/index.php\/2023\/04\/emx125-mathis-valin-ouvre-le-bal\/embed\/#?secret=GEBBRrhVm6\" width=\"600\" height=\"338\" title=\"\u00ab\u00a0EMX125 : Mathis Valin ouvre le bal !\u00a0\u00bb &#8212; Motocross - Enduro - Supermoto | MotocrossMag\" data-secret=\"GEBBRrhVm6\" frameborder=\"0\" marginwidth=\"0\" marginheight=\"0\" scrolling=\"no\" class=\"wp-embedded-content\"><\/iframe><script>\n\/*! This file is auto-generated *\/\n!function(d,l){\"use strict\";l.querySelector&&d.addEventListener&&\"undefined\"!=typeof URL&&(d.wp=d.wp||{},d.wp.receiveEmbedMessage||(d.wp.receiveEmbedMessage=function(e){var t=e.data;if((t||t.secret||t.message||t.value)&&!\/[^a-zA-Z0-9]\/.test(t.secret)){for(var s,r,n,a=l.querySelectorAll('iframe[data-secret=\"'+t.secret+'\"]'),o=l.querySelectorAll('blockquote[data-secret=\"'+t.secret+'\"]'),c=new RegExp(\"^https?:$\",\"i\"),i=0;i<o.length;i++)o[i].style.display=\"none\";for(i=0;i<a.length;i++)s=a[i],e.source===s.contentWindow&&(s.removeAttribute(\"style\"),\"height\"===t.message?(1e3<(r=parseInt(t.value,10))?r=1e3:~~r<200&&(r=200),s.height=r):\"link\"===t.message&&(r=new URL(s.getAttribute(\"src\")),n=new URL(t.value),c.test(n.protocol))&&n.host===r.host&&l.activeElement===s&&(d.top.location.href=t.value))}},d.addEventListener(\"message\",d.wp.receiveEmbedMessage,!1),l.addEventListener(\"DOMContentLoaded\",function(){for(var e,t,s=l.querySelectorAll(\"iframe.wp-embedded-content\"),r=0;r<s.length;r++)(t=(e=s[r]).getAttribute(\"data-secret\"))||(t=Math.random().toString(36).substring(2,12),e.src+=\"#?secret=\"+t,e.setAttribute(\"data-secret\",t)),e.contentWindow.postMessage({message:\"ready\",secret:t},\"*\")},!1)))}(window,document);\n\/\/# sourceURL=https:\/\/fr.motocrossmag.be\/wp-includes\/js\/wp-embed.min.js\n<\/script>\n","thumbnail_url":"https:\/\/fr.motocrossmag.be\/wp-content\/uploads\/2023\/04\/emx125-podium-valin.jpg","thumbnail_width":"1000","thumbnail_height":"667","description":"Mathis Valin a remport\u00e9 ce lundi le premier GP de la saison du championnat EMX125. Le Fran\u00e7ais avait \u00e9t\u00e9 le seul adversaire \u00e0 la hauteur du Leton Reisulis samedi dans la premi\u00e8re manche, il a remport\u00e9 la seconde haut la main en s&rsquo;imposant avec plus de 15 secondes d&rsquo;avance sur le N\u00e9erlandais Gyan Doensen. Alors [&hellip;]"}

Mathis Valin a remporté ce lundi le premier GP de la saison du championnat EMX125. Le Français avait été le seul adversaire à la hauteur du Leton Reisulis samedi dans la première manche, il a remporté la seconde haut la main en s&rsquo;imposant avec plus de 15 secondes d&rsquo;avance sur le Néerlandais Gyan Doensen. Alors [&hellip;]
