{"version":"1.0","provider_name":"Motocross - Enduro - Supermoto | MotocrossMag","provider_url":"https:\/\/fr.motocrossmag.be","title":"Interview Lucas Coenen : \"Rendez-vous \u00e0 Lommel !\" - Motocross - Enduro - Supermoto | MotocrossMag","type":"rich","width":600,"height":338,"html":"<blockquote class=\"wp-embedded-content\" data-secret=\"fBYGC2vKKW\"><a href=\"https:\/\/fr.motocrossmag.be\/index.php\/2023\/07\/interview-lucas-coenen-rendez-vous-a-lommel\/\">Interview Lucas Coenen : \u00ab\u00a0Rendez-vous \u00e0 Lommel !\u00a0\u00bb<\/a><\/blockquote><iframe sandbox=\"allow-scripts\" security=\"restricted\" src=\"https:\/\/fr.motocrossmag.be\/index.php\/2023\/07\/interview-lucas-coenen-rendez-vous-a-lommel\/embed\/#?secret=fBYGC2vKKW\" width=\"600\" height=\"338\" title=\"\u00ab\u00a0Interview Lucas Coenen : \u00ab\u00a0Rendez-vous \u00e0 Lommel !\u00a0\u00bb\u00a0\u00bb &#8212; Motocross - Enduro - Supermoto | MotocrossMag\" data-secret=\"fBYGC2vKKW\" frameborder=\"0\" marginwidth=\"0\" marginheight=\"0\" scrolling=\"no\" class=\"wp-embedded-content\"><\/iframe><script>\n\/*! This file is auto-generated *\/\n!function(d,l){\"use strict\";l.querySelector&&d.addEventListener&&\"undefined\"!=typeof URL&&(d.wp=d.wp||{},d.wp.receiveEmbedMessage||(d.wp.receiveEmbedMessage=function(e){var t=e.data;if((t||t.secret||t.message||t.value)&&!\/[^a-zA-Z0-9]\/.test(t.secret)){for(var s,r,n,a=l.querySelectorAll('iframe[data-secret=\"'+t.secret+'\"]'),o=l.querySelectorAll('blockquote[data-secret=\"'+t.secret+'\"]'),c=new RegExp(\"^https?:$\",\"i\"),i=0;i<o.length;i++)o[i].style.display=\"none\";for(i=0;i<a.length;i++)s=a[i],e.source===s.contentWindow&&(s.removeAttribute(\"style\"),\"height\"===t.message?(1e3<(r=parseInt(t.value,10))?r=1e3:~~r<200&&(r=200),s.height=r):\"link\"===t.message&&(r=new URL(s.getAttribute(\"src\")),n=new URL(t.value),c.test(n.protocol))&&n.host===r.host&&l.activeElement===s&&(d.top.location.href=t.value))}},d.addEventListener(\"message\",d.wp.receiveEmbedMessage,!1),l.addEventListener(\"DOMContentLoaded\",function(){for(var e,t,s=l.querySelectorAll(\"iframe.wp-embedded-content\"),r=0;r<s.length;r++)(t=(e=s[r]).getAttribute(\"data-secret\"))||(t=Math.random().toString(36).substring(2,12),e.src+=\"#?secret=\"+t,e.setAttribute(\"data-secret\",t)),e.contentWindow.postMessage({message:\"ready\",secret:t},\"*\")},!1)))}(window,document);\n\/\/# sourceURL=https:\/\/fr.motocrossmag.be\/wp-includes\/js\/wp-embed.min.js\n<\/script>\n","thumbnail_url":"https:\/\/fr.motocrossmag.be\/wp-content\/uploads\/2023\/07\/SI202304100140.jpg","thumbnail_width":"1000","thumbnail_height":"666","description":"La grande messe du motocross belge approche \u00e0 grands pas. En effet, le Monster Energy MXGP of Flanders se d\u00e9roulera \u00e0 Lommel ces 22 et 23 juillet. Nous nous sommes entretenus avec le rookie de la classe MX2 Lucas Coenen \u00e0 propos de son premier GP \u00e0 domicile en tant que pilote engag\u00e9 sur le [&hellip;]"}

Interview Lucas Coenen : "Rendez-vous à Lommel !" - Motocross - Enduro - Supermoto | MotocrossMag

<blockquote class="wp-embedded-content" data-secret="fBYGC2vKKW"><a href="https://fr.motocrossmag.be/index.php/2023/07/interview-lucas-coenen-rendez-vous-a-lommel/">Interview Lucas Coenen : « Rendez-vous à Lommel ! »</a></blockquote><iframe sandbox="allow-scripts" security="restricted" src="https://fr.motocrossmag.be/index.php/2023/07/interview-lucas-coenen-rendez-vous-a-lommel/embed/#?secret=fBYGC2vKKW" width="600" height="338" title="« Interview Lucas Coenen : « Rendez-vous à Lommel ! » » &#8212; Motocross - Enduro - Supermoto | MotocrossMag" data-secret="fBYGC2vKKW" frameborder="0" marginwidth="0" marginheight="0" scrolling="no" class="wp-embedded-content"></iframe><script>
/*! This file is auto-generated */
!function(d,l){"use strict";l.querySelector&&d.addEventListener&&"undefined"!=typeof URL&&(d.wp=d.wp||{},d.wp.receiveEmbedMessage||(d.wp.receiveEmbedMessage=function(e){var t=e.data;if((t||t.secret||t.message||t.value)&&!/[^a-zA-Z0-9]/.test(t.secret)){for(var s,r,n,a=l.querySelectorAll('iframe[data-secret="'+t.secret+'"]'),o=l.querySelectorAll('blockquote[data-secret="'+t.secret+'"]'),c=new RegExp("^https?:$","i"),i=0;i<o.length;i++)o[i].style.display="none";for(i=0;i<a.length;i++)s=a[i],e.source===s.contentWindow&&(s.removeAttribute("style"),"height"===t.message?(1e3<(r=parseInt(t.value,10))?r=1e3:~~r<200&&(r=200),s.height=r):"link"===t.message&&(r=new URL(s.getAttribute("src")),n=new URL(t.value),c.test(n.protocol))&&n.host===r.host&&l.activeElement===s&&(d.top.location.href=t.value))}},d.addEventListener("message",d.wp.receiveEmbedMessage,!1),l.addEventListener("DOMContentLoaded",function(){for(var e,t,s=l.querySelectorAll("iframe.wp-embedded-content"),r=0;r<s.length;r++)(t=(e=s[r]).getAttribute("data-secret"))||(t=Math.random().toString(36).substring(2,12),e.src+="#?secret="+t,e.setAttribute("data-secret",t)),e.contentWindow.postMessage({message:"ready",secret:t},"*")},!1)))}(window,document);
//# sourceURL=https://fr.motocrossmag.be/wp-includes/js/wp-embed.min.js
</script>

La grande messe du motocross belge approche à grands pas. En effet, le Monster Energy MXGP of Flanders se déroulera à Lommel ces 22 et 23 juillet. Nous nous sommes entretenus avec le rookie de la classe MX2 Lucas Coenen à propos de son premier GP à domicile en tant que pilote engagé sur le [&hellip;]
