{"version":"1.0","provider_name":"Motocross - Enduro - Supermoto | MotocrossMag","provider_url":"https:\/\/fr.motocrossmag.be","title":"VMCF : Matt\u00e9o Puffet sur sa lanc\u00e9e \u00e0 Wichelen - Motocross - Enduro - Supermoto | MotocrossMag","type":"rich","width":600,"height":338,"html":"<blockquote class=\"wp-embedded-content\" data-secret=\"7fpadIgExe\"><a href=\"https:\/\/fr.motocrossmag.be\/index.php\/2025\/04\/vmcf-matteo-puffet-sur-sa-lancee-a-wichelen\/\">VMCF : Matt\u00e9o Puffet sur sa lanc\u00e9e \u00e0 Wichelen<\/a><\/blockquote><iframe sandbox=\"allow-scripts\" security=\"restricted\" src=\"https:\/\/fr.motocrossmag.be\/index.php\/2025\/04\/vmcf-matteo-puffet-sur-sa-lancee-a-wichelen\/embed\/#?secret=7fpadIgExe\" width=\"600\" height=\"338\" title=\"\u00ab\u00a0VMCF : Matt\u00e9o Puffet sur sa lanc\u00e9e \u00e0 Wichelen\u00a0\u00bb &#8212; Motocross - Enduro - Supermoto | MotocrossMag\" data-secret=\"7fpadIgExe\" frameborder=\"0\" marginwidth=\"0\" marginheight=\"0\" scrolling=\"no\" class=\"wp-embedded-content\"><\/iframe><script>\n\/*! This file is auto-generated *\/\n!function(d,l){\"use strict\";l.querySelector&&d.addEventListener&&\"undefined\"!=typeof URL&&(d.wp=d.wp||{},d.wp.receiveEmbedMessage||(d.wp.receiveEmbedMessage=function(e){var t=e.data;if((t||t.secret||t.message||t.value)&&!\/[^a-zA-Z0-9]\/.test(t.secret)){for(var s,r,n,a=l.querySelectorAll('iframe[data-secret=\"'+t.secret+'\"]'),o=l.querySelectorAll('blockquote[data-secret=\"'+t.secret+'\"]'),c=new RegExp(\"^https?:$\",\"i\"),i=0;i<o.length;i++)o[i].style.display=\"none\";for(i=0;i<a.length;i++)s=a[i],e.source===s.contentWindow&&(s.removeAttribute(\"style\"),\"height\"===t.message?(1e3<(r=parseInt(t.value,10))?r=1e3:~~r<200&&(r=200),s.height=r):\"link\"===t.message&&(r=new URL(s.getAttribute(\"src\")),n=new URL(t.value),c.test(n.protocol))&&n.host===r.host&&l.activeElement===s&&(d.top.location.href=t.value))}},d.addEventListener(\"message\",d.wp.receiveEmbedMessage,!1),l.addEventListener(\"DOMContentLoaded\",function(){for(var e,t,s=l.querySelectorAll(\"iframe.wp-embedded-content\"),r=0;r<s.length;r++)(t=(e=s[r]).getAttribute(\"data-secret\"))||(t=Math.random().toString(36).substring(2,12),e.src+=\"#?secret=\"+t,e.setAttribute(\"data-secret\",t)),e.contentWindow.postMessage({message:\"ready\",secret:t},\"*\")},!1)))}(window,document);\n\/\/# sourceURL=https:\/\/fr.motocrossmag.be\/wp-includes\/js\/wp-embed.min.js\n<\/script>\n","thumbnail_url":"https:\/\/fr.motocrossmag.be\/wp-content\/uploads\/2025\/04\/matteo-puffet-vmcf.jpg","thumbnail_width":1200,"thumbnail_height":798,"description":"Seize Inters avaient fait le d\u00e9placement \u00e0 Wichelen, pour la premi\u00e8re course VMCF de Flandre Orientale de l&rsquo;ann\u00e9e. Compte tenu de la faible participation, les pilotes Nationaux 250 et 500 ont \u00e9t\u00e9 ajout\u00e9es au plateau de d\u00e9part, soit un total de 27 partants. D\u00e8s les essais chronom\u00e9tr\u00e9s, Matteo Puffet a annonc\u00e9 la couleur. Le Li\u00e9geois [&hellip;]"}

VMCF : Mattéo Puffet sur sa lancée à Wichelen - Motocross - Enduro - Supermoto | MotocrossMag

<blockquote class="wp-embedded-content" data-secret="7fpadIgExe"><a href="https://fr.motocrossmag.be/index.php/2025/04/vmcf-matteo-puffet-sur-sa-lancee-a-wichelen/">VMCF : Mattéo Puffet sur sa lancée à Wichelen</a></blockquote><iframe sandbox="allow-scripts" security="restricted" src="https://fr.motocrossmag.be/index.php/2025/04/vmcf-matteo-puffet-sur-sa-lancee-a-wichelen/embed/#?secret=7fpadIgExe" width="600" height="338" title="« VMCF : Mattéo Puffet sur sa lancée à Wichelen » &#8212; Motocross - Enduro - Supermoto | MotocrossMag" data-secret="7fpadIgExe" frameborder="0" marginwidth="0" marginheight="0" scrolling="no" class="wp-embedded-content"></iframe><script>
/*! This file is auto-generated */
!function(d,l){"use strict";l.querySelector&&d.addEventListener&&"undefined"!=typeof URL&&(d.wp=d.wp||{},d.wp.receiveEmbedMessage||(d.wp.receiveEmbedMessage=function(e){var t=e.data;if((t||t.secret||t.message||t.value)&&!/[^a-zA-Z0-9]/.test(t.secret)){for(var s,r,n,a=l.querySelectorAll('iframe[data-secret="'+t.secret+'"]'),o=l.querySelectorAll('blockquote[data-secret="'+t.secret+'"]'),c=new RegExp("^https?:$","i"),i=0;i<o.length;i++)o[i].style.display="none";for(i=0;i<a.length;i++)s=a[i],e.source===s.contentWindow&&(s.removeAttribute("style"),"height"===t.message?(1e3<(r=parseInt(t.value,10))?r=1e3:~~r<200&&(r=200),s.height=r):"link"===t.message&&(r=new URL(s.getAttribute("src")),n=new URL(t.value),c.test(n.protocol))&&n.host===r.host&&l.activeElement===s&&(d.top.location.href=t.value))}},d.addEventListener("message",d.wp.receiveEmbedMessage,!1),l.addEventListener("DOMContentLoaded",function(){for(var e,t,s=l.querySelectorAll("iframe.wp-embedded-content"),r=0;r<s.length;r++)(t=(e=s[r]).getAttribute("data-secret"))||(t=Math.random().toString(36).substring(2,12),e.src+="#?secret="+t,e.setAttribute("data-secret",t)),e.contentWindow.postMessage({message:"ready",secret:t},"*")},!1)))}(window,document);
//# sourceURL=https://fr.motocrossmag.be/wp-includes/js/wp-embed.min.js
</script>

Seize Inters avaient fait le déplacement à Wichelen, pour la première course VMCF de Flandre Orientale de l&rsquo;année. Compte tenu de la faible participation, les pilotes Nationaux 250 et 500 ont été ajoutées au plateau de départ, soit un total de 27 partants. Dès les essais chronométrés, Matteo Puffet a annoncé la couleur. Le Liégeois [&hellip;]
