{"version":"1.0","provider_name":"Motocross - Enduro - Supermoto | MotocrossMag","provider_url":"https:\/\/fr.motocrossmag.be","title":"Ce que l\u2019on retient du Supercross de Denver - Motocross - Enduro - Supermoto | MotocrossMag","type":"rich","width":600,"height":338,"html":"<blockquote class=\"wp-embedded-content\" data-secret=\"NWeGnM5P0M\"><a href=\"https:\/\/fr.motocrossmag.be\/index.php\/2025\/05\/ce-que-lon-retient-du-supercross-de-denver\/\">Ce que l\u2019on retient du Supercross de Denver<\/a><\/blockquote><iframe sandbox=\"allow-scripts\" security=\"restricted\" src=\"https:\/\/fr.motocrossmag.be\/index.php\/2025\/05\/ce-que-lon-retient-du-supercross-de-denver\/embed\/#?secret=NWeGnM5P0M\" width=\"600\" height=\"338\" title=\"\u00ab\u00a0Ce que l\u2019on retient du Supercross de Denver\u00a0\u00bb &#8212; Motocross - Enduro - Supermoto | MotocrossMag\" data-secret=\"NWeGnM5P0M\" frameborder=\"0\" marginwidth=\"0\" marginheight=\"0\" scrolling=\"no\" class=\"wp-embedded-content\"><\/iframe><script>\n\/*! This file is auto-generated *\/\n!function(d,l){\"use strict\";l.querySelector&&d.addEventListener&&\"undefined\"!=typeof URL&&(d.wp=d.wp||{},d.wp.receiveEmbedMessage||(d.wp.receiveEmbedMessage=function(e){var t=e.data;if((t||t.secret||t.message||t.value)&&!\/[^a-zA-Z0-9]\/.test(t.secret)){for(var s,r,n,a=l.querySelectorAll('iframe[data-secret=\"'+t.secret+'\"]'),o=l.querySelectorAll('blockquote[data-secret=\"'+t.secret+'\"]'),c=new RegExp(\"^https?:$\",\"i\"),i=0;i<o.length;i++)o[i].style.display=\"none\";for(i=0;i<a.length;i++)s=a[i],e.source===s.contentWindow&&(s.removeAttribute(\"style\"),\"height\"===t.message?(1e3<(r=parseInt(t.value,10))?r=1e3:~~r<200&&(r=200),s.height=r):\"link\"===t.message&&(r=new URL(s.getAttribute(\"src\")),n=new URL(t.value),c.test(n.protocol))&&n.host===r.host&&l.activeElement===s&&(d.top.location.href=t.value))}},d.addEventListener(\"message\",d.wp.receiveEmbedMessage,!1),l.addEventListener(\"DOMContentLoaded\",function(){for(var e,t,s=l.querySelectorAll(\"iframe.wp-embedded-content\"),r=0;r<s.length;r++)(t=(e=s[r]).getAttribute(\"data-secret\"))||(t=Math.random().toString(36).substring(2,12),e.src+=\"#?secret=\"+t,e.setAttribute(\"data-secret\",t)),e.contentWindow.postMessage({message:\"ready\",secret:t},\"*\")},!1)))}(window,document);\n\/\/# sourceURL=https:\/\/fr.motocrossmag.be\/wp-includes\/js\/wp-embed.min.js\n<\/script>\n","thumbnail_url":"https:\/\/fr.motocrossmag.be\/wp-content\/uploads\/2025\/05\/688494_Chase-Sexton_KTM_SX_Denver_03052025_040_16th-Rnd.-Supercross-2025-_-Denver-_CO_-West.jpg","thumbnail_width":1200,"thumbnail_height":800,"description":"Ce qu\u2019il faut retenir de l&rsquo;avant-dernier round du championnat US de Supercross \u00e0 Denver : Apr\u00e8s deux titres SMX, Haiden Deegan d\u00e9croche enfin son premier titre SX cette saison. Les larmes de Cole Davies, qui croyait inconsciemment en ses chances de remporter le championnat d\u00e8s sa premi\u00e8re saison chez les pros. Jordon Smith \u00e9vite de [&hellip;]"}

Ce qu’il faut retenir de l&rsquo;avant-dernier round du championnat US de Supercross à Denver : Après deux titres SMX, Haiden Deegan décroche enfin son premier titre SX cette saison. Les larmes de Cole Davies, qui croyait inconsciemment en ses chances de remporter le championnat dès sa première saison chez les pros. Jordon Smith évite de [&hellip;]
