{"version":"1.0","provider_name":"Motocross - Enduro - Supermoto | MotocrossMag","provider_url":"https:\/\/fr.motocrossmag.be","title":"Sacha Coenen : \"Physiquement, je vais bien !\" - Motocross - Enduro - Supermoto | MotocrossMag","type":"rich","width":600,"height":338,"html":"<blockquote class=\"wp-embedded-content\" data-secret=\"QDPR6H16aR\"><a href=\"https:\/\/fr.motocrossmag.be\/index.php\/2026\/03\/sacha-coenen-physiquement-je-vais-bien\/\">Sacha Coenen : \u00ab\u00a0Physiquement, je vais bien !\u00a0\u00bb<\/a><\/blockquote><iframe sandbox=\"allow-scripts\" security=\"restricted\" src=\"https:\/\/fr.motocrossmag.be\/index.php\/2026\/03\/sacha-coenen-physiquement-je-vais-bien\/embed\/#?secret=QDPR6H16aR\" width=\"600\" height=\"338\" title=\"\u00ab\u00a0Sacha Coenen : \u00ab\u00a0Physiquement, je vais bien !\u00a0\u00bb\u00a0\u00bb &#8212; Motocross - Enduro - Supermoto | MotocrossMag\" data-secret=\"QDPR6H16aR\" frameborder=\"0\" marginwidth=\"0\" marginheight=\"0\" scrolling=\"no\" class=\"wp-embedded-content\"><\/iframe><script>\n\/*! This file is auto-generated *\/\n!function(d,l){\"use strict\";l.querySelector&&d.addEventListener&&\"undefined\"!=typeof URL&&(d.wp=d.wp||{},d.wp.receiveEmbedMessage||(d.wp.receiveEmbedMessage=function(e){var t=e.data;if((t||t.secret||t.message||t.value)&&!\/[^a-zA-Z0-9]\/.test(t.secret)){for(var s,r,n,a=l.querySelectorAll('iframe[data-secret=\"'+t.secret+'\"]'),o=l.querySelectorAll('blockquote[data-secret=\"'+t.secret+'\"]'),c=new RegExp(\"^https?:$\",\"i\"),i=0;i<o.length;i++)o[i].style.display=\"none\";for(i=0;i<a.length;i++)s=a[i],e.source===s.contentWindow&&(s.removeAttribute(\"style\"),\"height\"===t.message?(1e3<(r=parseInt(t.value,10))?r=1e3:~~r<200&&(r=200),s.height=r):\"link\"===t.message&&(r=new URL(s.getAttribute(\"src\")),n=new URL(t.value),c.test(n.protocol))&&n.host===r.host&&l.activeElement===s&&(d.top.location.href=t.value))}},d.addEventListener(\"message\",d.wp.receiveEmbedMessage,!1),l.addEventListener(\"DOMContentLoaded\",function(){for(var e,t,s=l.querySelectorAll(\"iframe.wp-embedded-content\"),r=0;r<s.length;r++)(t=(e=s[r]).getAttribute(\"data-secret\"))||(t=Math.random().toString(36).substring(2,12),e.src+=\"#?secret=\"+t,e.setAttribute(\"data-secret\",t)),e.contentWindow.postMessage({message:\"ready\",secret:t},\"*\")},!1)))}(window,document);\n\/\/# sourceURL=https:\/\/fr.motocrossmag.be\/wp-includes\/js\/wp-embed.min.js\n<\/script>\n","thumbnail_url":"https:\/\/fr.motocrossmag.be\/wp-content\/uploads\/2026\/03\/Sacha-Coenen-2026-MX2-Argentina.jpg","thumbnail_width":1199,"thumbnail_height":799,"description":"Le week-end argentin avait d\u00e9but\u00e9 en fanfare pour Sacha Coenen. Vainqueur autoritaire de la manche qualificative samedi, notre compatriote \u00e9tait dimanche le plus s\u00e9rieux rival de Simon L\u00e4ngenfelder, laissant filer in extremis la victoire \u00e0 l&rsquo;Allemand en premi\u00e8re manche. Malheureusement, Sacha devait mettre un terme pr\u00e9matur\u00e9 \u00e0 sa journ\u00e9e apr\u00e8s une lourde chute d\u00e8s les [&hellip;]"}

Le week-end argentin avait débuté en fanfare pour Sacha Coenen. Vainqueur autoritaire de la manche qualificative samedi, notre compatriote était dimanche le plus sérieux rival de Simon Längenfelder, laissant filer in extremis la victoire à l&rsquo;Allemand en première manche. Malheureusement, Sacha devait mettre un terme prématuré à sa journée après une lourde chute dès les [&hellip;]
