{"version":"1.0","provider_name":"Motocross - Enduro - Supermoto | MotocrossMag","provider_url":"https:\/\/fr.motocrossmag.be","title":"Vid\u00e9o : le r\u00e9sum\u00e9 du GP d'Afrique du Sud - Motocross - Enduro - Supermoto | MotocrossMag","type":"rich","width":600,"height":338,"html":"<blockquote class=\"wp-embedded-content\" data-secret=\"mQm0Ub0Lyx\"><a href=\"https:\/\/fr.motocrossmag.be\/index.php\/2026\/07\/video-le-resume-du-gp-dafrique-du-sud\/\">Vid\u00e9o : le r\u00e9sum\u00e9 du GP d&rsquo;Afrique du Sud<\/a><\/blockquote><iframe sandbox=\"allow-scripts\" security=\"restricted\" src=\"https:\/\/fr.motocrossmag.be\/index.php\/2026\/07\/video-le-resume-du-gp-dafrique-du-sud\/embed\/#?secret=mQm0Ub0Lyx\" width=\"600\" height=\"338\" title=\"\u00ab\u00a0Vid\u00e9o : le r\u00e9sum\u00e9 du GP d&rsquo;Afrique du Sud\u00a0\u00bb &#8212; Motocross - Enduro - Supermoto | MotocrossMag\" data-secret=\"mQm0Ub0Lyx\" frameborder=\"0\" marginwidth=\"0\" marginheight=\"0\" scrolling=\"no\" class=\"wp-embedded-content\"><\/iframe><script>\n\/*! This file is auto-generated *\/\n!function(d,l){\"use strict\";l.querySelector&&d.addEventListener&&\"undefined\"!=typeof URL&&(d.wp=d.wp||{},d.wp.receiveEmbedMessage||(d.wp.receiveEmbedMessage=function(e){var t=e.data;if((t||t.secret||t.message||t.value)&&!\/[^a-zA-Z0-9]\/.test(t.secret)){for(var s,r,n,a=l.querySelectorAll('iframe[data-secret=\"'+t.secret+'\"]'),o=l.querySelectorAll('blockquote[data-secret=\"'+t.secret+'\"]'),c=new RegExp(\"^https?:$\",\"i\"),i=0;i<o.length;i++)o[i].style.display=\"none\";for(i=0;i<a.length;i++)s=a[i],e.source===s.contentWindow&&(s.removeAttribute(\"style\"),\"height\"===t.message?(1e3<(r=parseInt(t.value,10))?r=1e3:~~r<200&&(r=200),s.height=r):\"link\"===t.message&&(r=new URL(s.getAttribute(\"src\")),n=new URL(t.value),c.test(n.protocol))&&n.host===r.host&&l.activeElement===s&&(d.top.location.href=t.value))}},d.addEventListener(\"message\",d.wp.receiveEmbedMessage,!1),l.addEventListener(\"DOMContentLoaded\",function(){for(var e,t,s=l.querySelectorAll(\"iframe.wp-embedded-content\"),r=0;r<s.length;r++)(t=(e=s[r]).getAttribute(\"data-secret\"))||(t=Math.random().toString(36).substring(2,12),e.src+=\"#?secret=\"+t,e.setAttribute(\"data-secret\",t)),e.contentWindow.postMessage({message:\"ready\",secret:t},\"*\")},!1)))}(window,document);\n\/\/# sourceURL=https:\/\/fr.motocrossmag.be\/wp-includes\/js\/wp-embed.min.js\n<\/script>\n","thumbnail_url":"https:\/\/fr.motocrossmag.be\/wp-content\/uploads\/2026\/07\/759663_Coenen_Sacha_11_MXGP_South-Africa_2026_Q0A6316_11th-Rd-MXGP-2026-_-Johannesburg-_SA_.jpg","thumbnail_width":1200,"thumbnail_height":800,"description":"Revivez en images les victoires de Lucas Coenen (MXGP) et de Guillem Farres (MX2) ce dimanche sur la piste de Johannesburg, en Afrique du Sud, o\u00f9 le championnat du monde de motocross faisait escale ce week-end pour sa 11\u00e8me \u00e9preuve de la saison."}

Vidéo : le résumé du GP d'Afrique du Sud - Motocross - Enduro - Supermoto | MotocrossMag

<blockquote class="wp-embedded-content" data-secret="mQm0Ub0Lyx"><a href="https://fr.motocrossmag.be/index.php/2026/07/video-le-resume-du-gp-dafrique-du-sud/">Vidéo : le résumé du GP d&rsquo;Afrique du Sud</a></blockquote><iframe sandbox="allow-scripts" security="restricted" src="https://fr.motocrossmag.be/index.php/2026/07/video-le-resume-du-gp-dafrique-du-sud/embed/#?secret=mQm0Ub0Lyx" width="600" height="338" title="« Vidéo : le résumé du GP d&rsquo;Afrique du Sud » &#8212; Motocross - Enduro - Supermoto | MotocrossMag" data-secret="mQm0Ub0Lyx" frameborder="0" marginwidth="0" marginheight="0" scrolling="no" class="wp-embedded-content"></iframe><script>
/*! This file is auto-generated */
!function(d,l){"use strict";l.querySelector&&d.addEventListener&&"undefined"!=typeof URL&&(d.wp=d.wp||{},d.wp.receiveEmbedMessage||(d.wp.receiveEmbedMessage=function(e){var t=e.data;if((t||t.secret||t.message||t.value)&&!/[^a-zA-Z0-9]/.test(t.secret)){for(var s,r,n,a=l.querySelectorAll('iframe[data-secret="'+t.secret+'"]'),o=l.querySelectorAll('blockquote[data-secret="'+t.secret+'"]'),c=new RegExp("^https?:$","i"),i=0;i<o.length;i++)o[i].style.display="none";for(i=0;i<a.length;i++)s=a[i],e.source===s.contentWindow&&(s.removeAttribute("style"),"height"===t.message?(1e3<(r=parseInt(t.value,10))?r=1e3:~~r<200&&(r=200),s.height=r):"link"===t.message&&(r=new URL(s.getAttribute("src")),n=new URL(t.value),c.test(n.protocol))&&n.host===r.host&&l.activeElement===s&&(d.top.location.href=t.value))}},d.addEventListener("message",d.wp.receiveEmbedMessage,!1),l.addEventListener("DOMContentLoaded",function(){for(var e,t,s=l.querySelectorAll("iframe.wp-embedded-content"),r=0;r<s.length;r++)(t=(e=s[r]).getAttribute("data-secret"))||(t=Math.random().toString(36).substring(2,12),e.src+="#?secret="+t,e.setAttribute("data-secret",t)),e.contentWindow.postMessage({message:"ready",secret:t},"*")},!1)))}(window,document);
//# sourceURL=https://fr.motocrossmag.be/wp-includes/js/wp-embed.min.js
</script>

Revivez en images les victoires de Lucas Coenen (MXGP) et de Guillem Farres (MX2) ce dimanche sur la piste de Johannesburg, en Afrique du Sud, où le championnat du monde de motocross faisait escale ce week-end pour sa 11ème épreuve de la saison.
