{"version":"1.0","provider_name":"Motocross - Enduro - Supermoto | MotocrossMag","provider_url":"https:\/\/fr.motocrossmag.be","title":"Jeffrey Herlings en pole en Turquie - Motocross - Enduro - Supermoto | MotocrossMag","type":"rich","width":600,"height":338,"html":"<blockquote class=\"wp-embedded-content\" data-secret=\"jZTOpKKPiU\"><a href=\"https:\/\/fr.motocrossmag.be\/index.php\/2026\/09\/jeffrey-herlings-en-pole-en-turquie\/\">Jeffrey Herlings en pole en Turquie<\/a><\/blockquote><iframe sandbox=\"allow-scripts\" security=\"restricted\" src=\"https:\/\/fr.motocrossmag.be\/index.php\/2026\/09\/jeffrey-herlings-en-pole-en-turquie\/embed\/#?secret=jZTOpKKPiU\" width=\"600\" height=\"338\" title=\"\u00ab\u00a0Jeffrey Herlings en pole en Turquie\u00a0\u00bb &#8212; Motocross - Enduro - Supermoto | MotocrossMag\" data-secret=\"jZTOpKKPiU\" frameborder=\"0\" marginwidth=\"0\" marginheight=\"0\" scrolling=\"no\" class=\"wp-embedded-content\"><\/iframe><script>\n\/*! This file is auto-generated *\/\n!function(d,l){\"use strict\";l.querySelector&&d.addEventListener&&\"undefined\"!=typeof URL&&(d.wp=d.wp||{},d.wp.receiveEmbedMessage||(d.wp.receiveEmbedMessage=function(e){var t=e.data;if((t||t.secret||t.message||t.value)&&!\/[^a-zA-Z0-9]\/.test(t.secret)){for(var s,r,n,a=l.querySelectorAll('iframe[data-secret=\"'+t.secret+'\"]'),o=l.querySelectorAll('blockquote[data-secret=\"'+t.secret+'\"]'),c=new RegExp(\"^https?:$\",\"i\"),i=0;i<o.length;i++)o[i].style.display=\"none\";for(i=0;i<a.length;i++)s=a[i],e.source===s.contentWindow&&(s.removeAttribute(\"style\"),\"height\"===t.message?(1e3<(r=parseInt(t.value,10))?r=1e3:~~r<200&&(r=200),s.height=r):\"link\"===t.message&&(r=new URL(s.getAttribute(\"src\")),n=new URL(t.value),c.test(n.protocol))&&n.host===r.host&&l.activeElement===s&&(d.top.location.href=t.value))}},d.addEventListener(\"message\",d.wp.receiveEmbedMessage,!1),l.addEventListener(\"DOMContentLoaded\",function(){for(var e,t,s=l.querySelectorAll(\"iframe.wp-embedded-content\"),r=0;r<s.length;r++)(t=(e=s[r]).getAttribute(\"data-secret\"))||(t=Math.random().toString(36).substring(2,12),e.src+=\"#?secret=\"+t,e.setAttribute(\"data-secret\",t)),e.contentWindow.postMessage({message:\"ready\",secret:t},\"*\")},!1)))}(window,document);\n\/\/# sourceURL=https:\/\/fr.motocrossmag.be\/wp-includes\/js\/wp-embed.min.js\n<\/script>\n","thumbnail_url":"https:\/\/fr.motocrossmag.be\/wp-content\/uploads\/2026\/08\/lommel-herlings-mxgp.jpg","thumbnail_width":1024,"thumbnail_height":682,"description":"Doubl\u00e9 pour le team Honda HRC ce samedi dans la manche qualificative MXGP du GP de Turquie avec la victoire de Jeffrey Herlings devant son co\u00e9quipier Tom Vialle. Tim Gajser prend la 3\u00e8me place devant Romain Febvre et Andea Adamo. Seul Belge engag\u00e9 dans la cat\u00e9gorie en Turquie, Jago Geerts termine au 13\u00e8me rang. R\u00e9sultats\u00a0 [&hellip;]"}

Doublé pour le team Honda HRC ce samedi dans la manche qualificative MXGP du GP de Turquie avec la victoire de Jeffrey Herlings devant son coéquipier Tom Vialle. Tim Gajser prend la 3ème place devant Romain Febvre et Andea Adamo. Seul Belge engagé dans la catégorie en Turquie, Jago Geerts termine au 13ème rang. Résultats  [&hellip;]
