{"version":"1.0","provider_name":"Motocross - Enduro - Supermoto | MotocrossMag","provider_url":"https:\/\/fr.motocrossmag.be","title":"Photos : le motocross VMCF de Huldenberg - Motocross - Enduro - Supermoto | MotocrossMag","type":"rich","width":600,"height":338,"html":"<blockquote class=\"wp-embedded-content\" data-secret=\"jXFbnaJqv2\"><a href=\"https:\/\/fr.motocrossmag.be\/index.php\/2026\/09\/photos-le-motocross-vmcf-de-huldenberg\/\">Photos : le motocross VMCF de Huldenberg<\/a><\/blockquote><iframe sandbox=\"allow-scripts\" security=\"restricted\" src=\"https:\/\/fr.motocrossmag.be\/index.php\/2026\/09\/photos-le-motocross-vmcf-de-huldenberg\/embed\/#?secret=jXFbnaJqv2\" width=\"600\" height=\"338\" title=\"\u00ab\u00a0Photos : le motocross VMCF de Huldenberg\u00a0\u00bb &#8212; Motocross - Enduro - Supermoto | MotocrossMag\" data-secret=\"jXFbnaJqv2\" frameborder=\"0\" marginwidth=\"0\" marginheight=\"0\" scrolling=\"no\" class=\"wp-embedded-content\"><\/iframe><script>\n\/*! This file is auto-generated *\/\n!function(d,l){\"use strict\";l.querySelector&&d.addEventListener&&\"undefined\"!=typeof URL&&(d.wp=d.wp||{},d.wp.receiveEmbedMessage||(d.wp.receiveEmbedMessage=function(e){var t=e.data;if((t||t.secret||t.message||t.value)&&!\/[^a-zA-Z0-9]\/.test(t.secret)){for(var s,r,n,a=l.querySelectorAll('iframe[data-secret=\"'+t.secret+'\"]'),o=l.querySelectorAll('blockquote[data-secret=\"'+t.secret+'\"]'),c=new RegExp(\"^https?:$\",\"i\"),i=0;i<o.length;i++)o[i].style.display=\"none\";for(i=0;i<a.length;i++)s=a[i],e.source===s.contentWindow&&(s.removeAttribute(\"style\"),\"height\"===t.message?(1e3<(r=parseInt(t.value,10))?r=1e3:~~r<200&&(r=200),s.height=r):\"link\"===t.message&&(r=new URL(s.getAttribute(\"src\")),n=new URL(t.value),c.test(n.protocol))&&n.host===r.host&&l.activeElement===s&&(d.top.location.href=t.value))}},d.addEventListener(\"message\",d.wp.receiveEmbedMessage,!1),l.addEventListener(\"DOMContentLoaded\",function(){for(var e,t,s=l.querySelectorAll(\"iframe.wp-embedded-content\"),r=0;r<s.length;r++)(t=(e=s[r]).getAttribute(\"data-secret\"))||(t=Math.random().toString(36).substring(2,12),e.src+=\"#?secret=\"+t,e.setAttribute(\"data-secret\",t)),e.contentWindow.postMessage({message:\"ready\",secret:t},\"*\")},!1)))}(window,document);\n\/\/# sourceURL=https:\/\/fr.motocrossmag.be\/wp-includes\/js\/wp-embed.min.js\n<\/script>\n","thumbnail_url":"https:\/\/fr.motocrossmag.be\/wp-content\/uploads\/2026\/09\/VMCF-Huldenberg-26-20.jpg","thumbnail_width":1200,"thumbnail_height":800,"description":"La course de Huldenberg peut sans h\u00e9sitation \u00eatre qualifi\u00e9e de \u00ab classique \u00bb du calendrier VMCF. Vingt-sept Inters, parmi lesquels quelques pilotes invit\u00e9s venus de la VLM ainsi qu\u2019un Grec au nom pour le moins pittoresque de Kritikos Manolis, avaient fait le d\u00e9placement en Brabant flamand pour cl\u00f4turer comme il se doit la saison estivale [&hellip;]"}

La course de Huldenberg peut sans hésitation être qualifiée de « classique » du calendrier VMCF. Vingt-sept Inters, parmi lesquels quelques pilotes invités venus de la VLM ainsi qu’un Grec au nom pour le moins pittoresque de Kritikos Manolis, avaient fait le déplacement en Brabant flamand pour clôturer comme il se doit la saison estivale [&hellip;]
