{"id":1790,"date":"2008-09-01T17:15:50","date_gmt":"2008-09-01T16:15:50","guid":{"rendered":"http:\/\/www.motocrossmag.be\/?page_id=1790"},"modified":"2024-05-29T23:48:18","modified_gmt":"2024-05-29T21:48:18","slug":"donnees-personnelles","status":"publish","type":"page","link":"https:\/\/fr.motocrossmag.be\/index.php\/donnees-personnelles\/","title":{"rendered":"Politique vie priv\u00e9e et utilisation des cookies"},"content":{"rendered":"<p>MotocrossMag.be est susceptible de recueillir certaines informations personnelles vous concernant. Ces informations sont utilis\u00e9es exclusivement par L&amp;O Partners srl et ses sous-traitants dans le cadre de ses activit\u00e9s d&rsquo;\u00e9dition. En vertu du R\u00e8glement G\u00e9n\u00e9ral sur la Protection des Donn\u00e9es, toute personne concern\u00e9e peut \u00e0 tout moment s&rsquo;opposer au traitement de ses donn\u00e9es personnelles, y acc\u00e9der, les rectifier ou demander la suppression d\u00e9finitive des informations le concernant.<\/p>\n<div class=\"wpb_column vc_column_container vc_col-sm-12\">\n<div class=\"vc_column-inner\">\n<div class=\"wpb_wrapper\">\n<div class=\"wpb_text_column wpb_content_element \">\n<div class=\"wpb_wrapper\">\n<p>Conform\u00e9ment au r\u00e8glement 2016\/679 sur la protection des donn\u00e9es (RGPD), les donn\u00e9es sont trait\u00e9es pour les finalit\u00e9s suivantes :<\/p>\n<ol>\n<li>Analyse du trafic;<\/li>\n<li>Personnalisation publicitaire;<\/li>\n<li>Gestion de la newsletter;<\/li>\n<li>Suivi des demandes envoy\u00e9es par courrier \u00e9lectronique.<\/li>\n<\/ol>\n<p>Ces traitements s&rsquo;appuient sur les bases l\u00e9gales suivantes\u00a0:<\/p>\n<ul>\n<li>Ex\u00e9cution du contrat;<\/li>\n<li>Int\u00e9r\u00eat l\u00e9gitime de L&amp;O Partners sprl.<\/li>\n<\/ul>\n<p>Ce traitement est justifi\u00e9 par votre consentement expr\u00e8s. Vous avez le droit de retirer votre consentement \u00e0 tout moment en nous \u00e9crivant \u00e0 <a href=\"mailto:info@motocrossmag.be\">info@motocrossmag.be<\/a><\/p>\n<p>Pour vous faire profiter des sevices qu&rsquo;ils proposent, nous partageons vos donn\u00e9es avec les sous-traitants suivants :<\/p>\n<ul>\n<li>Google (<a href=\"https:\/\/policies.google.com\/technologies\/partner-sites\" target=\"_blank\" rel=\"noopener\">voir la Politique Vie Priv\u00e9e de Google<\/a>)<\/li>\n<\/ul>\n<p>Vos donn\u00e9es ne seront transmises \u00e0 aucun tiers autre que pr\u00e9cis\u00e9 ci-dessus et pour les finalit\u00e9s \u00e9nonc\u00e9es ci-dessus. Les donn\u00e9es sont exclusivement stock\u00e9es sur des serveurs localis\u00e9s au sein de l\u2019UE.<\/p>\n<p>L&amp;O Partners sprl prendra toutes les mesures utiles sur un plan technique et organisationnel pour prot\u00e9ger les donn\u00e9es \u00e0 caract\u00e8re personnel qu&rsquo;elle d\u00e9tient. Ces mesures assurent un niveau de s\u00e9curit\u00e9 ad\u00e9quat compte tenu de l\u2019\u00e9tat de la technique en la mati\u00e8re, des frais qu\u2019entra\u00eene l\u2019application de ces mesures et de la nature des donn\u00e9es \u00e0 prot\u00e9ger.<\/p>\n<p><strong>Cookies<\/strong><\/p>\n<ol>\n<li><em>Qu\u2019est-ce qu\u2019un cookie ?<\/em><\/li>\n<\/ol>\n<p>Un cookie est un petit fichier texte qui peut \u00eatre conserv\u00e9 sur votre ordinateur lorsque vous visitez des sites Internet. Des informations sont enregistr\u00e9es dans ce fichier texte, comme par exemple votre choix de langue pour un site Internet. Lorsque vous visitez \u00e0 nouveau le site Internet ult\u00e9rieurement, ce cookie est renvoy\u00e9 au site en question. De cette mani\u00e8re, le site Internet reconna\u00eet votre navigateur et peut par exemple retenir votre choix de langue.<\/p>\n<p>Les cookies ont g\u00e9n\u00e9ralement aussi une date d\u2019expiration. Certains cookies sont par exemple automatiquement supprim\u00e9s lorsque vous fermez votre navigateur (ce que l\u2019on appelle les cookies de session),\u00a0\u00a0tandis que d\u2019autres restent plus longtemps sur votre ordinateur, parfois m\u00eame jusqu\u2019\u00e0 ce que vous les supprimiez manuellement.<\/p>\n<ol start=\"2\">\n<li><em>Pourquoi utilisons-nous des cookies\u00a0? <\/em><\/li>\n<\/ol>\n<p>Nous utilisons les 3 types de cookies\u00a0suivants:<\/p>\n<ul>\n<li>des cookies techniquement essentiels et \u00e0 finalit\u00e9s fonctionnelles ;<\/li>\n<li>des cookies \u00e0 finalit\u00e9s de partage sur les r\u00e9seaux sociaux ;<\/li>\n<li>des cookies \u00e0 finalit\u00e9s analytiques\u00a0;<\/li>\n<\/ul>\n<p>&nbsp;<\/p>\n<p>Les cookies utilis\u00e9s sur le site internet peuvent \u00eatre consult\u00e9s \u00e0 partir de l&rsquo;onglet s\u00e9curit\u00e9\/vie priv\u00e9e de votre navigateur \u00e0 tout moment lors de votre navigation sur le site.<\/p>\n<p>Si vous voulez savoir quels cookies sont install\u00e9s sur votre appareil ou si vous souhaitez les supprimer, vous pouvez utiliser un param\u00e8tre de votre navigateur. Vous trouverez davantage d\u2019explications sur la mani\u00e8re de proc\u00e9der via les liens ci-dessous.<\/p>\n<table>\n<tbody>\n<tr>\n<td width=\"151\"><a href=\"https:\/\/support.mozilla.org\/fr\/kb\/effacer-les-cookies-pour-supprimer-les-information\">Firefox<\/a><\/td>\n<td width=\"151\"><a href=\"https:\/\/support.google.com\/chrome\/answer\/95647?hl=fr\">Chrome<\/a><\/td>\n<td width=\"151\"><a href=\"https:\/\/support.apple.com\/fr-be\/guide\/safari\/manage-cookies-and-website-data-sfri11471\/mac\">Safari<\/a><\/td>\n<td width=\"151\"><a href=\"https:\/\/support.microsoft.com\/fr-be\/help\/17442\/windows-internet-explorer-delete-manage-cookies\">Internet Explorer<\/a><\/td>\n<\/tr>\n<tr>\n<td width=\"151\"><a href=\"https:\/\/support.mozilla.org\/fr\/kb\/supprimer-donnees-perso-firefox-android\">Firefox (mobile)<\/a><\/td>\n<td width=\"151\"><a href=\"https:\/\/support.google.com\/chrome\/answer\/95647?hl=fr\">Chrome (mobile)<\/a><\/td>\n<td width=\"151\"><a href=\"https:\/\/support.apple.com\/fr-be\/HT201265\">Safari (mobile)<\/a><\/td>\n<td width=\"151\"><a href=\"https:\/\/support.microsoft.com\/fr-be\/help\/4027947\/windows-delete-cookies\">Microsoft Edge<\/a><\/td>\n<\/tr>\n<\/tbody>\n<\/table>\n<p>Vous pouvez \u00e9galement v\u00e9rifier la proc\u00e9dure pour votre navigateur sur le site Internet <a href=\"http:\/\/www.allaboutcookies.org\/manage-cookies\">www.allaboutcookies.org\/manage-cookies<\/a>.<\/p>\n<\/div>\n<\/div>\n<\/div>\n<\/div>\n<\/div>\n<p>&nbsp;<\/p>\n","protected":false},"excerpt":{"rendered":"<p>MotocrossMag.be est susceptible de recueillir certaines informations personnelles vous concernant. Ces informations sont utilis\u00e9es exclusivement par L&amp;O Partners srl et ses sous-traitants dans le cadre de ses activit\u00e9s d&rsquo;\u00e9dition. En [&#8230;]<\/p>\n","protected":false},"author":932,"featured_media":137860,"parent":0,"menu_order":0,"comment_status":"open","ping_status":"open","template":"","meta":{"footnotes":""},"class_list":["post-1790","page","type-page","status-publish","has-post-thumbnail","hentry"],"yoast_head":"<!-- This site is optimized with the Yoast SEO plugin v27.4 - https:\/\/yoast.com\/product\/yoast-seo-wordpress\/ -->\n<title>Politique vie priv\u00e9e et utilisation des cookies - Motocross - Enduro - Supermoto | MotocrossMag<\/title>\n<meta name=\"robots\" content=\"index, follow, max-snippet:-1, max-image-preview:large, max-video-preview:-1\" \/>\n<link rel=\"canonical\" href=\"https:\/\/fr.motocrossmag.be\/index.php\/donnees-personnelles\/\" \/>\n<meta property=\"og:locale\" content=\"fr_FR\" \/>\n<meta property=\"og:type\" content=\"article\" \/>\n<meta property=\"og:title\" content=\"Politique vie priv\u00e9e et utilisation des cookies - Motocross - Enduro - Supermoto | MotocrossMag\" \/>\n<meta property=\"og:description\" content=\"MotocrossMag.be est susceptible de recueillir certaines informations personnelles vous concernant. Ces informations sont utilis\u00e9es exclusivement par L&amp;O Partners srl et ses sous-traitants dans le cadre de ses activit\u00e9s d&rsquo;\u00e9dition. En [...]\" \/>\n<meta property=\"og:url\" content=\"https:\/\/fr.motocrossmag.be\/index.php\/donnees-personnelles\/\" \/>\n<meta property=\"og:site_name\" content=\"Motocross - Enduro - Supermoto | MotocrossMag\" \/>\n<meta property=\"article:modified_time\" content=\"2024-05-29T21:48:18+00:00\" \/>\n<meta property=\"og:image\" content=\"https:\/\/fr.motocrossmag.be\/wp-content\/uploads\/2024\/05\/pexels-dan-nelson-3949101-e1717019292185.jpg\" \/>\n\t<meta property=\"og:image:width\" content=\"1070\" \/>\n\t<meta property=\"og:image:height\" content=\"672\" \/>\n\t<meta property=\"og:image:type\" content=\"image\/jpeg\" \/>\n<meta name=\"twitter:card\" content=\"summary_large_image\" \/>\n<meta name=\"twitter:label1\" content=\"Dur\u00e9e de lecture estim\u00e9e\" \/>\n\t<meta name=\"twitter:data1\" content=\"3 minutes\" \/>\n<script type=\"application\/ld+json\" class=\"yoast-schema-graph\">{\"@context\":\"https:\\\/\\\/schema.org\",\"@graph\":[{\"@type\":\"WebPage\",\"@id\":\"https:\\\/\\\/fr.motocrossmag.be\\\/index.php\\\/donnees-personnelles\\\/\",\"url\":\"https:\\\/\\\/fr.motocrossmag.be\\\/index.php\\\/donnees-personnelles\\\/\",\"name\":\"Politique vie priv\u00e9e et utilisation des cookies - Motocross - Enduro - Supermoto | MotocrossMag\",\"isPartOf\":{\"@id\":\"https:\\\/\\\/fr.motocrossmag.be\\\/#website\"},\"primaryImageOfPage\":{\"@id\":\"https:\\\/\\\/fr.motocrossmag.be\\\/index.php\\\/donnees-personnelles\\\/#primaryimage\"},\"image\":{\"@id\":\"https:\\\/\\\/fr.motocrossmag.be\\\/index.php\\\/donnees-personnelles\\\/#primaryimage\"},\"thumbnailUrl\":\"https:\\\/\\\/fr.motocrossmag.be\\\/wp-content\\\/uploads\\\/2024\\\/05\\\/pexels-dan-nelson-3949101-e1717019292185.jpg\",\"datePublished\":\"2008-09-01T16:15:50+00:00\",\"dateModified\":\"2024-05-29T21:48:18+00:00\",\"breadcrumb\":{\"@id\":\"https:\\\/\\\/fr.motocrossmag.be\\\/index.php\\\/donnees-personnelles\\\/#breadcrumb\"},\"inLanguage\":\"fr-FR\",\"potentialAction\":[{\"@type\":\"ReadAction\",\"target\":[\"https:\\\/\\\/fr.motocrossmag.be\\\/index.php\\\/donnees-personnelles\\\/\"]}]},{\"@type\":\"ImageObject\",\"inLanguage\":\"fr-FR\",\"@id\":\"https:\\\/\\\/fr.motocrossmag.be\\\/index.php\\\/donnees-personnelles\\\/#primaryimage\",\"url\":\"https:\\\/\\\/fr.motocrossmag.be\\\/wp-content\\\/uploads\\\/2024\\\/05\\\/pexels-dan-nelson-3949101-e1717019292185.jpg\",\"contentUrl\":\"https:\\\/\\\/fr.motocrossmag.be\\\/wp-content\\\/uploads\\\/2024\\\/05\\\/pexels-dan-nelson-3949101-e1717019292185.jpg\",\"width\":1070,\"height\":672},{\"@type\":\"BreadcrumbList\",\"@id\":\"https:\\\/\\\/fr.motocrossmag.be\\\/index.php\\\/donnees-personnelles\\\/#breadcrumb\",\"itemListElement\":[{\"@type\":\"ListItem\",\"position\":1,\"name\":\"Accueil\",\"item\":\"https:\\\/\\\/fr.motocrossmag.be\\\/\"},{\"@type\":\"ListItem\",\"position\":2,\"name\":\"Politique vie priv\u00e9e et utilisation des cookies\"}]},{\"@type\":\"WebSite\",\"@id\":\"https:\\\/\\\/fr.motocrossmag.be\\\/#website\",\"url\":\"https:\\\/\\\/fr.motocrossmag.be\\\/\",\"name\":\"Motocross - Enduro - Supermoto | MotocrossMag\",\"description\":\"L&#039;actualit\u00e9 du motocross, de l&#039;enduro et du Supermoto en ligne!\",\"potentialAction\":[{\"@type\":\"SearchAction\",\"target\":{\"@type\":\"EntryPoint\",\"urlTemplate\":\"https:\\\/\\\/fr.motocrossmag.be\\\/?s={search_term_string}\"},\"query-input\":{\"@type\":\"PropertyValueSpecification\",\"valueRequired\":true,\"valueName\":\"search_term_string\"}}],\"inLanguage\":\"fr-FR\"}]}<\/script>\n<!-- \/ Yoast SEO plugin. -->","yoast_head_json":{"title":"Politique vie priv\u00e9e et utilisation des cookies - Motocross - Enduro - Supermoto | MotocrossMag","robots":{"index":"index","follow":"follow","max-snippet":"max-snippet:-1","max-image-preview":"max-image-preview:large","max-video-preview":"max-video-preview:-1"},"canonical":"https:\/\/fr.motocrossmag.be\/index.php\/donnees-personnelles\/","og_locale":"fr_FR","og_type":"article","og_title":"Politique vie priv\u00e9e et utilisation des cookies - Motocross - Enduro - Supermoto | MotocrossMag","og_description":"MotocrossMag.be est susceptible de recueillir certaines informations personnelles vous concernant. Ces informations sont utilis\u00e9es exclusivement par L&amp;O Partners srl et ses sous-traitants dans le cadre de ses activit\u00e9s d&rsquo;\u00e9dition. En [...]","og_url":"https:\/\/fr.motocrossmag.be\/index.php\/donnees-personnelles\/","og_site_name":"Motocross - Enduro - Supermoto | MotocrossMag","article_modified_time":"2024-05-29T21:48:18+00:00","og_image":[{"width":1070,"height":672,"url":"https:\/\/fr.motocrossmag.be\/wp-content\/uploads\/2024\/05\/pexels-dan-nelson-3949101-e1717019292185.jpg","type":"image\/jpeg"}],"twitter_card":"summary_large_image","twitter_misc":{"Dur\u00e9e de lecture estim\u00e9e":"3 minutes"},"schema":{"@context":"https:\/\/schema.org","@graph":[{"@type":"WebPage","@id":"https:\/\/fr.motocrossmag.be\/index.php\/donnees-personnelles\/","url":"https:\/\/fr.motocrossmag.be\/index.php\/donnees-personnelles\/","name":"Politique vie priv\u00e9e et utilisation des cookies - Motocross - Enduro - Supermoto | MotocrossMag","isPartOf":{"@id":"https:\/\/fr.motocrossmag.be\/#website"},"primaryImageOfPage":{"@id":"https:\/\/fr.motocrossmag.be\/index.php\/donnees-personnelles\/#primaryimage"},"image":{"@id":"https:\/\/fr.motocrossmag.be\/index.php\/donnees-personnelles\/#primaryimage"},"thumbnailUrl":"https:\/\/fr.motocrossmag.be\/wp-content\/uploads\/2024\/05\/pexels-dan-nelson-3949101-e1717019292185.jpg","datePublished":"2008-09-01T16:15:50+00:00","dateModified":"2024-05-29T21:48:18+00:00","breadcrumb":{"@id":"https:\/\/fr.motocrossmag.be\/index.php\/donnees-personnelles\/#breadcrumb"},"inLanguage":"fr-FR","potentialAction":[{"@type":"ReadAction","target":["https:\/\/fr.motocrossmag.be\/index.php\/donnees-personnelles\/"]}]},{"@type":"ImageObject","inLanguage":"fr-FR","@id":"https:\/\/fr.motocrossmag.be\/index.php\/donnees-personnelles\/#primaryimage","url":"https:\/\/fr.motocrossmag.be\/wp-content\/uploads\/2024\/05\/pexels-dan-nelson-3949101-e1717019292185.jpg","contentUrl":"https:\/\/fr.motocrossmag.be\/wp-content\/uploads\/2024\/05\/pexels-dan-nelson-3949101-e1717019292185.jpg","width":1070,"height":672},{"@type":"BreadcrumbList","@id":"https:\/\/fr.motocrossmag.be\/index.php\/donnees-personnelles\/#breadcrumb","itemListElement":[{"@type":"ListItem","position":1,"name":"Accueil","item":"https:\/\/fr.motocrossmag.be\/"},{"@type":"ListItem","position":2,"name":"Politique vie priv\u00e9e et utilisation des cookies"}]},{"@type":"WebSite","@id":"https:\/\/fr.motocrossmag.be\/#website","url":"https:\/\/fr.motocrossmag.be\/","name":"Motocross - Enduro - Supermoto | MotocrossMag","description":"L&#039;actualit\u00e9 du motocross, de l&#039;enduro et du Supermoto en ligne!","potentialAction":[{"@type":"SearchAction","target":{"@type":"EntryPoint","urlTemplate":"https:\/\/fr.motocrossmag.be\/?s={search_term_string}"},"query-input":{"@type":"PropertyValueSpecification","valueRequired":true,"valueName":"search_term_string"}}],"inLanguage":"fr-FR"}]}},"_links":{"self":[{"href":"https:\/\/fr.motocrossmag.be\/index.php\/wp-json\/wp\/v2\/pages\/1790","targetHints":{"allow":["GET"]}}],"collection":[{"href":"https:\/\/fr.motocrossmag.be\/index.php\/wp-json\/wp\/v2\/pages"}],"about":[{"href":"https:\/\/fr.motocrossmag.be\/index.php\/wp-json\/wp\/v2\/types\/page"}],"author":[{"embeddable":true,"href":"https:\/\/fr.motocrossmag.be\/index.php\/wp-json\/wp\/v2\/users\/932"}],"replies":[{"embeddable":true,"href":"https:\/\/fr.motocrossmag.be\/index.php\/wp-json\/wp\/v2\/comments?post=1790"}],"version-history":[{"count":2,"href":"https:\/\/fr.motocrossmag.be\/index.php\/wp-json\/wp\/v2\/pages\/1790\/revisions"}],"predecessor-version":[{"id":137861,"href":"https:\/\/fr.motocrossmag.be\/index.php\/wp-json\/wp\/v2\/pages\/1790\/revisions\/137861"}],"wp:featuredmedia":[{"embeddable":true,"href":"https:\/\/fr.motocrossmag.be\/index.php\/wp-json\/wp\/v2\/media\/137860"}],"wp:attachment":[{"href":"https:\/\/fr.motocrossmag.be\/index.php\/wp-json\/wp\/v2\/media?parent=1790"}],"curies":[{"name":"wp","href":"https:\/\/api.w.org\/{rel}","templated":true}]}}